CRAN Package Check Results for Package AcrossTic

Last updated on 2025-04-16 08:51:22 CEST.

Flavor Version Tinstall Tcheck Ttotal Status Flags
r-devel-linux-x86_64-debian-clang 1.0-3 1.79 19.80 21.59 NOTE
r-devel-linux-x86_64-debian-gcc 1.0-3 1.70 16.12 17.82 NOTE
r-devel-linux-x86_64-fedora-clang 1.0-3 34.28 OK
r-devel-linux-x86_64-fedora-gcc 1.0-3 32.80 OK
r-devel-windows-x86_64 1.0-3 3.00 48.00 51.00 NOTE
r-patched-linux-x86_64 1.0-3 2.23 19.57 21.80 NOTE
r-release-linux-x86_64 1.0-3 1.67 19.15 20.82 NOTE
r-release-macos-arm64 1.0-3 18.00 OK
r-release-macos-x86_64 1.0-3 34.00 OK
r-release-windows-x86_64 1.0-3 3.00 47.00 50.00 NOTE
r-oldrel-macos-arm64 1.0-3 17.00 OK
r-oldrel-macos-x86_64 1.0-3 28.00 OK
r-oldrel-windows-x86_64 1.0-3 3.00 50.00 53.00 OK

Check Details

Version: 1.0-3
Check: Rd cross-references
Result: NOTE Found the following Rd file(s) with Rd \link{} targets missing package anchors: rRegMatch.Rd: daisy, treeClust.dist Please provide package anchors for all Rd \link{} targets not in the package itself and the base packages. Flavors: r-devel-linux-x86_64-debian-clang, r-devel-linux-x86_64-debian-gcc, r-devel-windows-x86_64, r-patched-linux-x86_64, r-release-linux-x86_64, r-release-windows-x86_64