Last updated on 2025-02-17 08:50:43 CET.
Flavor | Version | Tinstall | Tcheck | Ttotal | Status | Flags |
---|---|---|---|---|---|---|
r-devel-linux-x86_64-debian-clang | 0.1.1.2 | 62.54 | 78.14 | 140.68 | OK | |
r-devel-linux-x86_64-debian-gcc | 0.1.1.2 | 48.84 | 56.66 | 105.50 | OK | |
r-devel-linux-x86_64-fedora-clang | 0.1.1.2 | 278.01 | OK | |||
r-devel-linux-x86_64-fedora-gcc | 0.1.1.2 | 292.18 | OK | |||
r-devel-macos-arm64 | 0.1.1.2 | 69.00 | OK | |||
r-devel-macos-x86_64 | 0.1.1.2 | 122.00 | OK | |||
r-devel-windows-x86_64 | 0.1.1.2 | 69.00 | 125.00 | 194.00 | OK | |
r-patched-linux-x86_64 | 0.1.1.2 | 65.18 | 71.98 | 137.16 | OK | |
r-release-linux-x86_64 | 0.1.1.2 | 66.65 | 71.20 | 137.85 | OK | |
r-release-macos-arm64 | 0.1.1.2 | 73.00 | NOTE | |||
r-release-macos-x86_64 | 0.1.1.2 | 147.00 | NOTE | |||
r-release-windows-x86_64 | 0.1.1.2 | 70.00 | 127.00 | 197.00 | OK | |
r-oldrel-macos-arm64 | 0.1.1.2 | 75.00 | NOTE | |||
r-oldrel-macos-x86_64 | 0.1.1.2 | 151.00 | NOTE | |||
r-oldrel-windows-x86_64 | 0.1.1.2 | 85.00 | 138.00 | 223.00 | OK |
Version: 0.1.1.2
Check: installed package size
Result: NOTE
installed size is 5.3Mb
sub-directories of 1Mb or more:
libs 4.8Mb
Flavors: r-release-macos-arm64, r-release-macos-x86_64, r-oldrel-macos-arm64, r-oldrel-macos-x86_64