Last updated on 2025-02-17 08:50:43 CET.
Flavor | Version | Tinstall | Tcheck | Ttotal | Status | Flags |
---|---|---|---|---|---|---|
r-devel-linux-x86_64-debian-clang | 0.1.5 | 547.89 | 176.53 | 724.42 | OK | |
r-devel-linux-x86_64-debian-gcc | 0.1.5 | 544.20 | 172.47 | 716.67 | OK | |
r-devel-linux-x86_64-fedora-clang | 0.1.5 | 1190.43 | NOTE | |||
r-devel-linux-x86_64-fedora-gcc | 0.1.5 | 1647.60 | NOTE | |||
r-devel-macos-arm64 | 0.1.5 | 310.00 | OK | |||
r-devel-macos-x86_64 | 0.1.5 | 370.00 | OK | |||
r-devel-windows-x86_64 | 0.1.5 | 553.00 | 244.00 | 797.00 | OK | |
r-patched-linux-x86_64 | 0.1.5 | 680.53 | 225.50 | 906.03 | NOTE | |
r-release-linux-x86_64 | 0.1.5 | 666.16 | 229.23 | 895.39 | NOTE | |
r-release-macos-arm64 | 0.1.5 | 165.00 | NOTE | |||
r-release-macos-x86_64 | 0.1.5 | 153.00 | NOTE | |||
r-release-windows-x86_64 | 0.1.5 | 551.00 | 250.00 | 801.00 | NOTE | |
r-oldrel-macos-arm64 | 0.1.5 | 347.00 | NOTE | |||
r-oldrel-macos-x86_64 | 0.1.5 | 528.00 | NOTE | |||
r-oldrel-windows-x86_64 | 0.1.5 | 734.00 | 298.00 | 1032.00 | NOTE |
Version: 0.1.5
Check: dependencies in R code
Result: NOTE
Namespaces in Imports field not imported from:
‘RcppParallel’ ‘rstantools’
All declared Imports should be used.
Flavors: r-devel-linux-x86_64-fedora-clang, r-devel-linux-x86_64-fedora-gcc
Version: 0.1.5
Check: for GNU extensions in Makefiles
Result: NOTE
GNU make is a SystemRequirements.
Flavors: r-patched-linux-x86_64, r-release-linux-x86_64, r-release-macos-arm64, r-release-macos-x86_64, r-release-windows-x86_64, r-oldrel-macos-arm64, r-oldrel-macos-x86_64, r-oldrel-windows-x86_64
Version: 0.1.5
Check: installed package size
Result: NOTE
installed size is 97.2Mb
sub-directories of 1Mb or more:
libs 96.9Mb
Flavors: r-release-macos-arm64, r-release-macos-x86_64, r-release-windows-x86_64, r-oldrel-macos-arm64, r-oldrel-macos-x86_64, r-oldrel-windows-x86_64