Last updated on 2024-06-04 19:47:45 CEST.
Flavor | Version | Tinstall | Tcheck | Ttotal | Status | Flags |
---|---|---|---|---|---|---|
r-devel-linux-x86_64-debian-clang | 0.9.15 | 2092.48 | 49.68 | 2142.16 | NOTE | |
r-devel-linux-x86_64-debian-gcc | 0.9.15 | 1503.31 | 53.20 | 1556.51 | NOTE | |
r-devel-linux-x86_64-fedora-clang | 0.9.15 | 3713.78 | NOTE | |||
r-devel-linux-x86_64-fedora-gcc | 0.9.15 | 2291.27 | NOTE | |||
r-devel-windows-x86_64 | 0.9.15 | 1725.00 | 81.00 | 1806.00 | NOTE | |
r-patched-linux-x86_64 | 0.9.15 | 2037.35 | 68.28 | 2105.63 | NOTE | |
r-release-linux-x86_64 | 0.9.15 | 2070.81 | 68.18 | 2138.99 | NOTE | |
r-release-macos-arm64 | 0.9.15 | 515.00 | NOTE | |||
r-release-macos-x86_64 | 0.9.15 | 462.00 | NOTE | |||
r-release-windows-x86_64 | 0.9.15 | 1720.00 | 85.00 | 1805.00 | NOTE | |
r-oldrel-macos-arm64 | 0.9.15 | 596.00 | NOTE | |||
r-oldrel-macos-x86_64 | 0.9.15 | 460.00 | NOTE | |||
r-oldrel-windows-x86_64 | 0.9.15 | 1667.00 | 89.00 | 1756.00 | NOTE |
Version: 0.9.15
Check: for GNU extensions in Makefiles
Result: NOTE
GNU make is a SystemRequirements.
Flavors: r-devel-linux-x86_64-debian-clang, r-devel-linux-x86_64-debian-gcc, r-devel-linux-x86_64-fedora-clang, r-devel-linux-x86_64-fedora-gcc, r-devel-windows-x86_64, r-patched-linux-x86_64, r-release-linux-x86_64, r-release-macos-arm64, r-release-macos-x86_64, r-release-windows-x86_64, r-oldrel-macos-arm64, r-oldrel-macos-x86_64, r-oldrel-windows-x86_64
Version: 0.9.15
Check: installed package size
Result: NOTE
installed size is 46.5Mb
sub-directories of 1Mb or more:
include 10.7Mb
lib 35.4Mb
Flavors: r-devel-linux-x86_64-fedora-clang, r-devel-windows-x86_64, r-release-macos-arm64, r-release-macos-x86_64, r-release-windows-x86_64, r-oldrel-macos-arm64, r-oldrel-macos-x86_64, r-oldrel-windows-x86_64