Last updated on 2024-06-04 19:47:46 CEST.
Flavor | Version | Tinstall | Tcheck | Ttotal | Status | Flags |
---|---|---|---|---|---|---|
r-devel-linux-x86_64-debian-clang | 0.6.1 | 67.10 | 43.99 | 111.09 | NOTE | |
r-devel-linux-x86_64-debian-gcc | 0.6.1 | 47.62 | 33.17 | 80.79 | NOTE | |
r-devel-linux-x86_64-fedora-clang | 0.6.1 | 183.39 | NOTE | |||
r-devel-linux-x86_64-fedora-gcc | 0.6.1 | 170.12 | NOTE | |||
r-devel-windows-x86_64 | 0.6.1 | 59.00 | 88.00 | 147.00 | NOTE | |
r-patched-linux-x86_64 | 0.6.1 | 63.23 | 42.04 | 105.27 | NOTE | |
r-release-linux-x86_64 | 0.6.1 | 58.70 | 41.56 | 100.26 | NOTE | |
r-release-macos-arm64 | 0.6.1 | 46.00 | NOTE | |||
r-release-windows-x86_64 | 0.6.1 | 58.00 | 89.00 | 147.00 | NOTE | |
r-oldrel-macos-arm64 | 0.6.1 | 48.00 | NOTE | |||
r-oldrel-macos-x86_64 | 0.6.1 | 86.00 | NOTE | |||
r-oldrel-windows-x86_64 | 0.6.1 | 65.00 | 94.00 | 159.00 | NOTE |
Version: 0.6.1
Check: C++ specification
Result: NOTE
Specified C++11: please drop specification unless essential
Flavors: r-devel-linux-x86_64-debian-clang, r-devel-linux-x86_64-debian-gcc, r-devel-linux-x86_64-fedora-clang, r-devel-linux-x86_64-fedora-gcc, r-devel-windows-x86_64, r-patched-linux-x86_64, r-release-linux-x86_64, r-release-macos-arm64, r-release-windows-x86_64, r-oldrel-macos-arm64, r-oldrel-macos-x86_64, r-oldrel-windows-x86_64
Version: 0.6.1
Check: LazyData
Result: NOTE
'LazyData' is specified without a 'data' directory
Flavors: r-devel-linux-x86_64-debian-clang, r-devel-linux-x86_64-debian-gcc, r-devel-linux-x86_64-fedora-clang, r-devel-linux-x86_64-fedora-gcc, r-devel-windows-x86_64, r-patched-linux-x86_64, r-release-linux-x86_64, r-release-macos-arm64, r-release-windows-x86_64, r-oldrel-macos-arm64, r-oldrel-macos-x86_64, r-oldrel-windows-x86_64
Version: 0.6.1
Check: installed package size
Result: NOTE
installed size is 5.6Mb
sub-directories of 1Mb or more:
libs 4.8Mb
Flavors: r-release-macos-arm64, r-oldrel-macos-arm64, r-oldrel-macos-x86_64