Last updated on 2025-02-21 08:52:29 CET.
Flavor | Version | Tinstall | Tcheck | Ttotal | Status | Flags |
---|---|---|---|---|---|---|
r-devel-linux-x86_64-debian-clang | 0.2.3 | 46.16 | 62.50 | 108.66 | OK | |
r-devel-linux-x86_64-debian-gcc | 0.2.3 | 39.22 | 48.90 | 88.12 | OK | |
r-devel-linux-x86_64-fedora-clang | 0.2.3 | 191.16 | OK | |||
r-devel-linux-x86_64-fedora-gcc | 0.2.3 | 194.23 | OK | |||
r-devel-macos-arm64 | 0.2.3 | 51.00 | OK | |||
r-devel-macos-x86_64 | 0.2.3 | 107.00 | OK | |||
r-devel-windows-x86_64 | 0.2.3 | 46.00 | 106.00 | 152.00 | OK | |
r-patched-linux-x86_64 | 0.2.3 | 46.87 | 62.99 | 109.86 | NOTE | |
r-release-linux-x86_64 | 0.2.3 | 50.65 | 63.13 | 113.78 | NOTE | |
r-release-macos-arm64 | 0.2.3 | 50.00 | NOTE | |||
r-release-macos-x86_64 | 0.2.3 | 77.00 | NOTE | |||
r-release-windows-x86_64 | 0.2.3 | 47.00 | 103.00 | 150.00 | NOTE | |
r-oldrel-macos-arm64 | 0.2.3 | 57.00 | NOTE | |||
r-oldrel-macos-x86_64 | 0.2.3 | 89.00 | NOTE | |||
r-oldrel-windows-x86_64 | 0.2.3 | 56.00 | 144.00 | 200.00 | NOTE |
Version: 0.2.3
Check: LazyData
Result: NOTE
'LazyData' is specified without a 'data' directory
Flavors: r-patched-linux-x86_64, r-release-linux-x86_64, r-release-macos-arm64, r-release-macos-x86_64, r-release-windows-x86_64, r-oldrel-macos-arm64, r-oldrel-macos-x86_64, r-oldrel-windows-x86_64
Version: 0.2.3
Check: installed package size
Result: NOTE
installed size is 21.2Mb
sub-directories of 1Mb or more:
libs 20.9Mb
Flavors: r-release-macos-arm64, r-release-macos-x86_64, r-oldrel-macos-arm64, r-oldrel-macos-x86_64