Last updated on 2025-02-06 19:49:20 CET.
Flavor | Version | Tinstall | Tcheck | Ttotal | Status | Flags |
---|---|---|---|---|---|---|
r-devel-linux-x86_64-debian-clang | 0.2.19 | 23.78 | 249.18 | 272.96 | NOTE | |
r-devel-linux-x86_64-debian-gcc | 0.2.19 | 16.09 | 162.87 | 178.96 | NOTE | |
r-devel-linux-x86_64-fedora-clang | 0.2.20 | 470.76 | OK | |||
r-devel-linux-x86_64-fedora-gcc | 0.2.20 | 435.45 | OK | |||
r-devel-windows-x86_64 | 0.2.19 | 25.00 | 248.00 | 273.00 | OK | |
r-patched-linux-x86_64 | 0.2.19 | 23.41 | 227.62 | 251.03 | OK | |
r-release-linux-x86_64 | 0.2.19 | 22.67 | 233.24 | 255.91 | OK | |
r-release-macos-arm64 | 0.2.19 | 95.00 | OK | |||
r-release-macos-x86_64 | 0.2.20 | 222.00 | OK | |||
r-release-windows-x86_64 | 0.2.19 | 25.00 | 248.00 | 273.00 | OK | |
r-oldrel-macos-arm64 | 0.2.19 | 157.00 | OK | |||
r-oldrel-macos-x86_64 | 0.2.19 | 361.00 | OK | |||
r-oldrel-windows-x86_64 | 0.2.19 | 32.00 | 334.00 | 366.00 | OK |
Version: 0.2.19
Check: for unstated dependencies in ‘demo’
Result: NOTE
'library' or 'require' calls not declared from:
‘RODBC’ ‘rgl’
Flavors: r-devel-linux-x86_64-debian-clang, r-devel-linux-x86_64-debian-gcc