Last updated on 2025-05-13 19:52:28 CEST.
Flavor | Version | Tinstall | Tcheck | Ttotal | Status | Flags |
---|---|---|---|---|---|---|
r-devel-linux-x86_64-debian-clang | 1.2.1 | 3.32 | 23.17 | 26.49 | OK | |
r-devel-linux-x86_64-debian-gcc | 1.2.1 | 2.69 | 18.07 | 20.76 | OK | |
r-devel-linux-x86_64-fedora-clang | 1.2.1 | 41.59 | OK | |||
r-devel-linux-x86_64-fedora-gcc | 1.2.1 | 39.26 | OK | |||
r-devel-windows-x86_64 | 1.2.1 | 7.00 | 45.00 | 52.00 | OK | |
r-patched-linux-x86_64 | 1.2.1 | 3.03 | 22.41 | 25.44 | OK | |
r-release-linux-x86_64 | 1.2.1 | 3.01 | 22.11 | 25.12 | OK | |
r-release-macos-arm64 | 1.2.1 | 22.00 | OK | |||
r-release-macos-x86_64 | 1.2.1 | 30.00 | OK | |||
r-release-windows-x86_64 | 1.2.1 | 7.00 | 47.00 | 54.00 | OK | |
r-oldrel-macos-arm64 | 1.2.1 | 24.00 | NOTE | |||
r-oldrel-macos-x86_64 | 1.2.1 | 32.00 | NOTE | |||
r-oldrel-windows-x86_64 | 1.2.1 | 7.00 | 50.00 | 57.00 | NOTE |
Version: 1.2.1
Check: package dependencies
Result: NOTE
Package suggested but not available for checking: ‘pbdMPI’
Flavors: r-oldrel-macos-arm64, r-oldrel-macos-x86_64
Version: 1.2.1
Check: LazyData
Result: NOTE
'LazyData' is specified without a 'data' directory
Flavors: r-oldrel-macos-arm64, r-oldrel-macos-x86_64, r-oldrel-windows-x86_64