CRAN Package Check Results for Package ChernoffDist

Last updated on 2025-05-10 08:50:34 CEST.

Flavor Version Tinstall Tcheck Ttotal Status Flags
r-devel-linux-x86_64-debian-clang 0.1.0 1.97 18.32 20.29 NOTE
r-devel-linux-x86_64-debian-gcc 0.1.0 1.51 14.76 16.27 NOTE
r-devel-linux-x86_64-fedora-clang 0.1.0 31.14 OK
r-devel-linux-x86_64-fedora-gcc 0.1.0 29.41 OK
r-devel-windows-x86_64 0.1.0 3.00 38.00 41.00 OK
r-patched-linux-x86_64 0.1.0 1.91 17.36 19.27 OK
r-release-linux-x86_64 0.1.0 1.80 17.45 19.25 OK
r-release-macos-arm64 0.1.0 14.00 OK
r-release-macos-x86_64 0.1.0 24.00 OK
r-release-windows-x86_64 0.1.0 3.00 39.00 42.00 OK
r-oldrel-macos-arm64 0.1.0 17.00 OK
r-oldrel-macos-x86_64 0.1.0 21.00 OK
r-oldrel-windows-x86_64 0.1.0 2.00 37.00 39.00 OK

Check Details

Version: 0.1.0
Check: CRAN incoming feasibility
Result: NOTE Maintainer: ‘Haitian Xie <xht@gsm.pku.edu.cn>’ No Authors@R field in DESCRIPTION. Please add one, modifying Authors@R: person(given = "Haitian", family = "Xie", role = c("aut", "cre"), email = "xht@gsm.pku.edu.cn") as necessary. Flavors: r-devel-linux-x86_64-debian-clang, r-devel-linux-x86_64-debian-gcc