Last updated on 2024-06-04 19:47:46 CEST.
Flavor | Version | Tinstall | Tcheck | Ttotal | Status | Flags |
---|---|---|---|---|---|---|
r-devel-linux-x86_64-debian-clang | 0.6-2 | 16.03 | 113.07 | 129.10 | OK | |
r-devel-linux-x86_64-debian-gcc | 0.6-2 | 12.08 | 83.71 | 95.79 | OK | |
r-devel-linux-x86_64-fedora-clang | 0.6-2 | 167.92 | OK | |||
r-devel-linux-x86_64-fedora-gcc | 0.6-2 | 184.45 | OK | |||
r-devel-windows-x86_64 | 0.6-2 | 17.00 | 118.00 | 135.00 | OK | |
r-patched-linux-x86_64 | 0.6-2 | 14.37 | 108.19 | 122.56 | OK | |
r-release-linux-x86_64 | 0.6-2 | 13.66 | 106.65 | 120.31 | OK | |
r-release-macos-arm64 | 0.6-2 | 54.00 | OK | |||
r-release-windows-x86_64 | 0.6-2 | 15.00 | 116.00 | 131.00 | OK | |
r-oldrel-macos-arm64 | 0.6-2 | 64.00 | OK | |||
r-oldrel-macos-x86_64 | 0.6-2 | 85.00 | NOTE | |||
r-oldrel-windows-x86_64 | 0.6-2 | 19.00 | 134.00 | 153.00 | OK |
Version: 0.6-2
Check: package dependencies
Result: NOTE
Package suggested but not available for checking: ‘BiocParallel’
Flavor: r-oldrel-macos-x86_64