Last updated on 2025-02-18 19:52:09 CET.
Flavor | Version | Tinstall | Tcheck | Ttotal | Status | Flags |
---|---|---|---|---|---|---|
r-devel-linux-x86_64-debian-clang | 0.2.2 | 31.17 | 48.07 | 79.24 | OK | |
r-devel-linux-x86_64-debian-gcc | 0.2.2 | 18.90 | 34.08 | 52.98 | OK | |
r-devel-linux-x86_64-fedora-clang | 0.2.2 | 131.97 | NOTE | |||
r-devel-linux-x86_64-fedora-gcc | 0.2.2 | 121.03 | NOTE | |||
r-devel-macos-arm64 | 0.2.2 | 35.00 | OK | |||
r-devel-macos-x86_64 | 0.2.2 | 72.00 | OK | |||
r-devel-windows-x86_64 | 0.2.2 | 29.00 | 87.00 | 116.00 | OK | |
r-patched-linux-x86_64 | 0.2.2 | 29.12 | 44.11 | 73.23 | OK | |
r-release-linux-x86_64 | 0.2.2 | 27.72 | 44.64 | 72.36 | OK | |
r-release-macos-arm64 | 0.2.2 | 35.00 | OK | |||
r-release-macos-x86_64 | 0.2.2 | 63.00 | OK | |||
r-release-windows-x86_64 | 0.2.2 | 29.00 | 73.00 | 102.00 | OK | |
r-oldrel-macos-arm64 | 0.2.2 | 36.00 | OK | |||
r-oldrel-macos-x86_64 | 0.2.2 | 61.00 | OK | |||
r-oldrel-windows-x86_64 | 0.2.2 | 37.00 | 93.00 | 130.00 | OK |
Version: 0.2.2
Check: dependencies in R code
Result: NOTE
Namespaces in Imports field not imported from:
‘R6’ ‘dplyr’ ‘ggplot2’ ‘nloptr’
All declared Imports should be used.
Flavors: r-devel-linux-x86_64-fedora-clang, r-devel-linux-x86_64-fedora-gcc