Last updated on 2025-05-14 08:51:57 CEST.
Flavor | Version | Tinstall | Tcheck | Ttotal | Status | Flags |
---|---|---|---|---|---|---|
r-devel-linux-x86_64-debian-clang | 0.9.6 | 10.19 | 142.94 | 153.13 | OK | |
r-devel-linux-x86_64-debian-gcc | 0.9.6 | 7.52 | 90.84 | 98.36 | OK | |
r-devel-linux-x86_64-fedora-clang | 0.9.6 | 261.61 | OK | |||
r-devel-linux-x86_64-fedora-gcc | 0.9.6 | 241.49 | OK | |||
r-devel-windows-x86_64 | 0.9.6 | 14.00 | 147.00 | 161.00 | OK | |
r-patched-linux-x86_64 | 0.9.6 | 11.69 | 131.91 | 143.60 | OK | |
r-release-linux-x86_64 | 0.9.6 | 10.26 | 133.10 | 143.36 | OK | |
r-release-macos-arm64 | 0.9.6 | 67.00 | OK | |||
r-release-macos-x86_64 | 0.9.6 | 175.00 | OK | |||
r-release-windows-x86_64 | 0.9.6 | 13.00 | 152.00 | 165.00 | OK | |
r-oldrel-macos-arm64 | 0.9.6 | 69.00 | NOTE | |||
r-oldrel-macos-x86_64 | 0.9.6 | 104.00 | NOTE | |||
r-oldrel-windows-x86_64 | 0.9.6 | 15.00 | 201.00 | 216.00 | NOTE |
Version: 0.9.6
Check: installed package size
Result: NOTE
installed size is 5.3Mb
sub-directories of 1Mb or more:
appinformation 4.1Mb
Flavors: r-oldrel-macos-arm64, r-oldrel-macos-x86_64, r-oldrel-windows-x86_64