Last updated on 2024-06-04 19:47:48 CEST.
Flavor | Version | Tinstall | Tcheck | Ttotal | Status | Flags |
---|---|---|---|---|---|---|
r-devel-linux-x86_64-debian-clang | 0.1.0 | 5.52 | 42.67 | 48.19 | NOTE | |
r-devel-linux-x86_64-debian-gcc | 0.1.0 | 4.32 | 32.90 | 37.22 | NOTE | |
r-devel-linux-x86_64-fedora-clang | 0.1.0 | 62.76 | NOTE | |||
r-devel-linux-x86_64-fedora-gcc | 0.1.0 | 60.71 | NOTE | |||
r-devel-windows-x86_64 | 0.1.0 | 6.00 | 56.00 | 62.00 | NOTE | |
r-patched-linux-x86_64 | 0.1.0 | 4.37 | 42.45 | 46.82 | NOTE | |
r-release-linux-x86_64 | 0.1.0 | 4.87 | 41.83 | 46.70 | NOTE | |
r-release-macos-arm64 | 0.1.0 | 22.00 | NOTE | |||
r-release-windows-x86_64 | 0.1.0 | 6.00 | 52.00 | 58.00 | NOTE | |
r-oldrel-macos-arm64 | 0.1.0 | 23.00 | NOTE | |||
r-oldrel-macos-x86_64 | 0.1.0 | 32.00 | NOTE | |||
r-oldrel-windows-x86_64 | 0.1.0 | 7.00 | 60.00 | 67.00 | NOTE |
Version: 0.1.0
Check: LazyData
Result: NOTE
'LazyData' is specified without a 'data' directory
Flavors: r-devel-linux-x86_64-debian-clang, r-devel-linux-x86_64-debian-gcc, r-devel-linux-x86_64-fedora-clang, r-devel-linux-x86_64-fedora-gcc, r-devel-windows-x86_64, r-patched-linux-x86_64, r-release-linux-x86_64, r-release-macos-arm64, r-release-windows-x86_64, r-oldrel-macos-arm64, r-oldrel-macos-x86_64, r-oldrel-windows-x86_64