Last updated on 2024-06-04 19:47:47 CEST.
Flavor | Version | Tinstall | Tcheck | Ttotal | Status | Flags |
---|---|---|---|---|---|---|
r-devel-linux-x86_64-debian-clang | 0.1.9 | 6.59 | 37.03 | 43.62 | OK | |
r-devel-linux-x86_64-debian-gcc | 0.1.9 | 4.07 | 27.11 | 31.18 | WARN | |
r-devel-linux-x86_64-fedora-clang | 0.1.9 | 53.18 | WARN | |||
r-devel-linux-x86_64-fedora-gcc | 0.1.9 | 52.05 | WARN | |||
r-devel-windows-x86_64 | 0.1.9 | 8.00 | 53.00 | 61.00 | WARN | |
r-patched-linux-x86_64 | 0.1.9 | 4.48 | 34.83 | 39.31 | WARN | |
r-release-linux-x86_64 | 0.1.9 | 4.36 | 34.73 | 39.09 | OK | |
r-release-macos-arm64 | 0.1.9 | 21.00 | OK | |||
r-release-windows-x86_64 | 0.1.9 | 8.00 | 52.00 | 60.00 | OK | |
r-oldrel-macos-arm64 | 0.1.9 | 23.00 | OK | |||
r-oldrel-macos-x86_64 | 0.1.9 | 41.00 | OK | |||
r-oldrel-windows-x86_64 | 0.1.9 | 9.00 | 58.00 | 67.00 | OK |
Version: 0.1.9
Check: whether package can be installed
Result: WARN
Found the following significant warnings:
Warning: Fortran 2018 deleted feature: DO termination statement which is not END DO or CONTINUE with label 130 at (1)
See ‘/home/hornik/tmp/R.check/r-devel-gcc/Work/PKGS/DirStats.Rcheck/00install.out’ for details.
* used C compiler: ‘gcc-13 (Debian 13.2.0-25) 13.2.0’
* used Fortran compiler: ‘GNU Fortran (Debian 13.2.0-25) 13.2.0’
Flavor: r-devel-linux-x86_64-debian-gcc
Version: 0.1.9
Check: whether package can be installed
Result: WARN
Found the following significant warnings:
./ribesl.f90:310:25: portability: A DO loop should terminate with an END DO or CONTINUE
See ‘/data/gannet/ripley/R/packages/tests-clang/DirStats.Rcheck/00install.out’ for details.
* used C compiler: ‘clang version 18.1.6’
* used Fortran compiler: ‘flang-new version 18.1.6’
Flavor: r-devel-linux-x86_64-fedora-clang
Version: 0.1.9
Check: installed package size
Result: NOTE
installed size is 5.2Mb
sub-directories of 1Mb or more:
libs 4.9Mb
Flavor: r-devel-linux-x86_64-fedora-clang
Version: 0.1.9
Check: whether package can be installed
Result: WARN
Found the following significant warnings:
Warning: Fortran 2018 deleted feature: DO termination statement which is not END DO or CONTINUE with label 130 at (1)
See ‘/data/gannet/ripley/R/packages/tests-devel/DirStats.Rcheck/00install.out’ for details.
* used C compiler: ‘gcc-14 (GCC) 14.1.0’
* used Fortran compiler: ‘GNU Fortran (GCC) 14.1.0’
Flavor: r-devel-linux-x86_64-fedora-gcc
Version: 0.1.9
Check: whether package can be installed
Result: WARN
Found the following significant warnings:
Warning: Fortran 2018 deleted feature: DO termination statement which is not END DO or CONTINUE with label 130 at (1)
See 'd:/Rcompile/CRANpkg/local/4.5/DirStats.Rcheck/00install.out' for details.
* used C compiler: 'gcc.exe (GCC) 13.2.0'
* used Fortran compiler: 'GNU Fortran (GCC) 13.2.0'
Flavor: r-devel-windows-x86_64
Version: 0.1.9
Check: whether package can be installed
Result: WARN
Found the following significant warnings:
Warning: Fortran 2018 deleted feature: DO termination statement which is not END DO or CONTINUE with label 130 at (1)
See ‘/home/hornik/tmp/R.check/r-patched-gcc/Work/PKGS/DirStats.Rcheck/00install.out’ for details.
* used C compiler: ‘gcc-13 (Debian 13.2.0-25) 13.2.0’
* used Fortran compiler: ‘GNU Fortran (Debian 13.2.0-25) 13.2.0’
Flavor: r-patched-linux-x86_64