Last updated on 2024-06-04 19:47:47 CEST.
Flavor | Version | Tinstall | Tcheck | Ttotal | Status | Flags |
---|---|---|---|---|---|---|
r-devel-linux-x86_64-debian-clang | 0.1.1 | 3.81 | 25.55 | 29.36 | OK | |
r-devel-linux-x86_64-debian-gcc | 0.1.1 | 3.02 | 19.70 | 22.72 | OK | |
r-devel-linux-x86_64-fedora-clang | 0.1.1 | 37.49 | NOTE | |||
r-devel-linux-x86_64-fedora-gcc | 0.1.1 | 36.12 | OK | |||
r-devel-windows-x86_64 | 0.1.1 | 5.00 | 43.00 | 48.00 | OK | |
r-patched-linux-x86_64 | 0.1.1 | 3.49 | 24.98 | 28.47 | OK | |
r-release-linux-x86_64 | 0.1.1 | 3.40 | 24.38 | 27.78 | OK | |
r-release-macos-arm64 | 0.1.1 | 17.00 | OK | |||
r-release-macos-x86_64 | 0.1.0 | 35.00 | OK | |||
r-release-windows-x86_64 | 0.1.1 | 5.00 | 49.00 | 54.00 | OK | |
r-oldrel-macos-arm64 | 0.1.0 | 28.00 | NOTE | |||
r-oldrel-macos-x86_64 | 0.1.0 | 37.00 | NOTE | |||
r-oldrel-windows-x86_64 | 0.1.1 | 4.00 | 46.00 | 50.00 | OK |
Version: 0.1.1
Check: Rd cross-references
Result: NOTE
Undeclared packages ‘airway’, ‘fdrDiscreteNull’ in Rd xrefs
Flavor: r-devel-linux-x86_64-fedora-clang
Version: 0.1.0
Check: Rd cross-references
Result: NOTE
Package unavailable to check Rd xrefs: ‘airway’
Flavors: r-oldrel-macos-arm64, r-oldrel-macos-x86_64