Last updated on 2024-06-04 19:47:48 CEST.
Flavor | Version | Tinstall | Tcheck | Ttotal | Status | Flags |
---|---|---|---|---|---|---|
r-devel-linux-x86_64-debian-clang | 0.2.3 | 4.31 | 115.23 | 119.54 | NOTE | |
r-devel-linux-x86_64-debian-gcc | 0.2.3 | 4.57 | 81.08 | 85.65 | NOTE | |
r-devel-linux-x86_64-fedora-clang | 0.2.3 | 144.73 | NOTE | |||
r-devel-linux-x86_64-fedora-gcc | 0.2.3 | 135.84 | NOTE | |||
r-devel-windows-x86_64 | 0.2.3 | 7.00 | 105.00 | 112.00 | NOTE | |
r-patched-linux-x86_64 | 0.2.3 | 4.30 | 107.06 | 111.36 | NOTE | |
r-release-linux-x86_64 | 0.2.3 | 3.64 | 109.72 | 113.36 | NOTE | |
r-release-macos-arm64 | 0.2.3 | 40.00 | NOTE | |||
r-release-windows-x86_64 | 0.2.3 | 6.00 | 103.00 | 109.00 | NOTE | |
r-oldrel-macos-arm64 | 0.2.3 | 44.00 | NOTE | |||
r-oldrel-macos-x86_64 | 0.2.3 | 76.00 | NOTE | |||
r-oldrel-windows-x86_64 | 0.2.3 | 7.00 | 129.00 | 136.00 | NOTE |
Version: 0.2.3
Check: LazyData
Result: NOTE
'LazyData' is specified without a 'data' directory
Flavors: r-devel-linux-x86_64-debian-clang, r-devel-linux-x86_64-debian-gcc, r-devel-linux-x86_64-fedora-clang, r-devel-linux-x86_64-fedora-gcc, r-devel-windows-x86_64, r-patched-linux-x86_64, r-release-linux-x86_64, r-release-macos-arm64, r-release-windows-x86_64, r-oldrel-macos-arm64, r-oldrel-macos-x86_64, r-oldrel-windows-x86_64
Version: 0.2.3
Check: dependencies in R code
Result: NOTE
Namespaces in Imports field not imported from:
‘Rmisc’ ‘rlang’
All declared Imports should be used.
Flavors: r-devel-linux-x86_64-fedora-clang, r-devel-linux-x86_64-fedora-gcc