Last updated on 2024-06-04 19:47:49 CEST.
Flavor | Version | Tinstall | Tcheck | Ttotal | Status | Flags |
---|---|---|---|---|---|---|
r-devel-linux-x86_64-debian-clang | 1.0.1 | 10.94 | 85.54 | 96.48 | NOTE | |
r-devel-linux-x86_64-debian-gcc | 1.0.1 | 7.31 | 63.67 | 70.98 | NOTE | |
r-devel-linux-x86_64-fedora-clang | 1.0.1 | 118.56 | NOTE | |||
r-devel-linux-x86_64-fedora-gcc | 1.0.1 | 155.32 | NOTE | |||
r-devel-windows-x86_64 | 1.0.1 | 10.00 | 78.00 | 88.00 | NOTE | |
r-patched-linux-x86_64 | 1.0.1 | 8.92 | 82.77 | 91.69 | NOTE | |
r-release-linux-x86_64 | 1.0.1 | 7.93 | 80.96 | 88.89 | NOTE | |
r-release-macos-arm64 | 1.0.1 | 50.00 | NOTE | |||
r-release-windows-x86_64 | 1.0.1 | 10.00 | 77.00 | 87.00 | NOTE | |
r-oldrel-macos-arm64 | 1.0.1 | 48.00 | NOTE | |||
r-oldrel-macos-x86_64 | 1.0.1 | 81.00 | NOTE | |||
r-oldrel-windows-x86_64 | 1.0.1 | 12.00 | 91.00 | 103.00 | NOTE |
Version: 1.0.1
Check: LazyData
Result: NOTE
'LazyData' is specified without a 'data' directory
Flavors: r-devel-linux-x86_64-debian-clang, r-devel-linux-x86_64-debian-gcc, r-devel-linux-x86_64-fedora-clang, r-devel-linux-x86_64-fedora-gcc, r-devel-windows-x86_64, r-patched-linux-x86_64, r-release-linux-x86_64, r-release-macos-arm64, r-release-windows-x86_64, r-oldrel-macos-arm64, r-oldrel-macos-x86_64, r-oldrel-windows-x86_64
Version: 1.0.1
Check: dependencies in R code
Result: NOTE
Namespace in Imports field not imported from: ‘decomposedPSF’
All declared Imports should be used.
Flavors: r-devel-linux-x86_64-fedora-clang, r-devel-linux-x86_64-fedora-gcc