Last updated on 2025-05-11 19:50:18 CEST.
Flavor | Version | Tinstall | Tcheck | Ttotal | Status | Flags |
---|---|---|---|---|---|---|
r-devel-linux-x86_64-debian-clang | 1.1.0 | 67.84 | 192.70 | 260.54 | OK | |
r-devel-linux-x86_64-debian-gcc | 1.1.0 | 52.17 | 128.44 | 180.61 | OK | |
r-devel-linux-x86_64-fedora-clang | 1.1.0 | 420.60 | OK | |||
r-devel-linux-x86_64-fedora-gcc | 1.1.0 | 421.29 | OK | |||
r-devel-windows-x86_64 | 1.1.0 | 75.00 | 189.00 | 264.00 | OK | |
r-patched-linux-x86_64 | 1.1.0 | 76.03 | 181.10 | 257.13 | OK | |
r-release-linux-x86_64 | 1.1.0 | 72.10 | 181.29 | 253.39 | OK | |
r-release-macos-arm64 | 1.1.0 | 128.00 | OK | |||
r-release-macos-x86_64 | 1.1.0 | 292.00 | OK | |||
r-release-windows-x86_64 | 1.1.0 | 76.00 | 187.00 | 263.00 | OK | |
r-oldrel-macos-arm64 | 1.1.0 | 131.00 | NOTE | |||
r-oldrel-macos-x86_64 | 1.1.0 | 278.00 | NOTE | |||
r-oldrel-windows-x86_64 | 1.1.0 | 107.00 | 241.00 | 348.00 | OK |
Version: 1.1.0
Check: installed package size
Result: NOTE
installed size is 5.3Mb
sub-directories of 1Mb or more:
data 4.8Mb
Flavors: r-oldrel-macos-arm64, r-oldrel-macos-x86_64