Last updated on 2024-06-04 19:47:51 CEST.
Flavor | Version | Tinstall | Tcheck | Ttotal | Status | Flags |
---|---|---|---|---|---|---|
r-devel-linux-x86_64-debian-clang | 2.2 | 48.66 | 127.46 | 176.12 | NOTE | |
r-devel-linux-x86_64-debian-gcc | 2.2 | 28.34 | 91.88 | 120.22 | NOTE | |
r-devel-linux-x86_64-fedora-clang | 2.2 | 221.71 | NOTE | |||
r-devel-linux-x86_64-fedora-gcc | 2.2 | 211.55 | NOTE | |||
r-devel-windows-x86_64 | 2.2 | 35.00 | 114.00 | 149.00 | NOTE | |
r-patched-linux-x86_64 | 2.2 | 40.55 | 121.91 | 162.46 | NOTE | |
r-release-linux-x86_64 | 2.2 | 30.64 | 123.51 | 154.15 | NOTE | |
r-release-macos-arm64 | 2.2 | 56.00 | NOTE | |||
r-release-macos-x86_64 | 2.2 | 115.00 | NOTE | |||
r-release-windows-x86_64 | 2.2 | 36.00 | 124.00 | 160.00 | NOTE | |
r-oldrel-macos-arm64 | 2.2 | 55.00 | NOTE | |||
r-oldrel-macos-x86_64 | 2.2 | 90.00 | NOTE | |||
r-oldrel-windows-x86_64 | 2.2 | 42.00 | 151.00 | 193.00 | NOTE |
Version: 2.2
Check: C++ specification
Result: NOTE
Specified C++11: please drop specification unless essential
Flavors: r-devel-linux-x86_64-debian-clang, r-devel-linux-x86_64-debian-gcc, r-devel-linux-x86_64-fedora-clang, r-devel-linux-x86_64-fedora-gcc, r-devel-windows-x86_64, r-patched-linux-x86_64, r-release-linux-x86_64, r-release-macos-arm64, r-release-macos-x86_64, r-release-windows-x86_64, r-oldrel-macos-arm64, r-oldrel-macos-x86_64, r-oldrel-windows-x86_64
Version: 2.2
Check: HTML version of manual
Result: NOTE
Found the following HTML validation problems:
GWASinlps.html:187:1 (GWASinlps.Rd:99): Warning: trimming empty <h4>
Flavors: r-devel-linux-x86_64-debian-clang, r-devel-linux-x86_64-debian-gcc, r-devel-linux-x86_64-fedora-clang, r-devel-linux-x86_64-fedora-gcc, r-devel-windows-x86_64, r-patched-linux-x86_64, r-release-linux-x86_64, r-release-windows-x86_64