Last updated on 2024-06-04 19:47:51 CEST.
Flavor | Version | Tinstall | Tcheck | Ttotal | Status | Flags |
---|---|---|---|---|---|---|
r-devel-linux-x86_64-debian-clang | 0.4-4 | 106.94 | 93.14 | 200.08 | NOTE | --no-vignettes |
r-devel-linux-x86_64-debian-gcc | 0.4-4 | 69.55 | 67.30 | 136.85 | NOTE | --no-vignettes |
r-devel-linux-x86_64-fedora-clang | 0.4-4 | 563.71 | NOTE | |||
r-devel-linux-x86_64-fedora-gcc | 0.4-4 | 851.74 | NOTE | |||
r-devel-windows-x86_64 | 0.4-4 | 80.00 | 226.00 | 306.00 | NOTE | |
r-patched-linux-x86_64 | 0.4-4 | 81.33 | 90.50 | 171.83 | NOTE | --no-vignettes |
r-release-linux-x86_64 | 0.4-4 | 91.25 | 88.84 | 180.09 | NOTE | --no-vignettes |
r-release-macos-arm64 | 0.4-4 | 115.00 | NOTE | |||
r-release-windows-x86_64 | 0.4-4 | 79.00 | 228.00 | 307.00 | NOTE | |
r-oldrel-macos-arm64 | 0.4-4 | 141.00 | NOTE | |||
r-oldrel-macos-x86_64 | 0.4-4 | 223.00 | NOTE | |||
r-oldrel-windows-x86_64 | 0.4-4 | 93.00 | 282.00 | 375.00 | NOTE |
Version: 0.4-4
Flags: --no-vignettes
Check: C++ specification
Result: NOTE
Specified C++11: please drop specification unless essential
Flavors: r-devel-linux-x86_64-debian-clang, r-devel-linux-x86_64-debian-gcc, r-patched-linux-x86_64, r-release-linux-x86_64
Version: 0.4-4
Check: C++ specification
Result: NOTE
Specified C++11: please drop specification unless essential
Flavors: r-devel-linux-x86_64-fedora-clang, r-devel-linux-x86_64-fedora-gcc, r-devel-windows-x86_64, r-release-macos-arm64, r-release-windows-x86_64, r-oldrel-macos-arm64, r-oldrel-macos-x86_64, r-oldrel-windows-x86_64
Version: 0.4-4
Check: installed package size
Result: NOTE
installed size is 5.8Mb
sub-directories of 1Mb or more:
doc 1.1Mb
libs 3.5Mb
Flavors: r-release-macos-arm64, r-oldrel-macos-arm64, r-oldrel-macos-x86_64