Last updated on 2025-02-25 08:51:46 CET.
Flavor | Version | Tinstall | Tcheck | Ttotal | Status | Flags |
---|---|---|---|---|---|---|
r-devel-linux-x86_64-debian-clang | 1.0.7 | 28.07 | 296.18 | 324.25 | OK | |
r-devel-linux-x86_64-debian-gcc | 1.0.7 | 21.39 | 193.48 | 214.87 | OK | |
r-devel-linux-x86_64-fedora-clang | 1.0.7 | 520.46 | OK | |||
r-devel-linux-x86_64-fedora-gcc | 1.0.7 | 512.10 | OK | |||
r-devel-macos-arm64 | 1.0.7 | 124.00 | OK | |||
r-devel-macos-x86_64 | 1.0.7 | 235.00 | OK | |||
r-devel-windows-x86_64 | 1.0.7 | 28.00 | 289.00 | 317.00 | OK | |
r-patched-linux-x86_64 | 1.0.7 | 25.55 | 272.79 | 298.34 | OK | |
r-release-linux-x86_64 | 1.0.7 | 28.96 | 275.16 | 304.12 | OK | |
r-release-macos-arm64 | 1.0.7 | 184.00 | OK | |||
r-release-macos-x86_64 | 1.0.7 | 300.00 | OK | |||
r-release-windows-x86_64 | 1.0.7 | 27.00 | 273.00 | 300.00 | OK | |
r-oldrel-macos-arm64 | 1.0.7 | 138.00 | ERROR | |||
r-oldrel-macos-x86_64 | 1.0.7 | 296.00 | OK | |||
r-oldrel-windows-x86_64 | 1.0.7 | 37.00 | 347.00 | 384.00 | OK |
Version: 1.0.7
Check: re-building of vignette outputs
Result: ERROR
Error(s) in re-building vignettes:
--- re-building ‘IceSat-2_Atlas_products_PDF.Rmd’ using rmarkdown
--- finished re-building ‘IceSat-2_Atlas_products_PDF.Rmd’
--- re-building ‘IceSat-2_Mission_Orbits_PDF.Rmd’ using rmarkdown
Quitting from lines 231-238 [unnamed-chunk-13] (IceSat-2_Mission_Orbits_PDF.Rmd)
Error: processing vignette 'IceSat-2_Mission_Orbits_PDF.Rmd' failed with diagnostics:
there is no package called 'systemfonts'
--- failed re-building ‘IceSat-2_Mission_Orbits_PDF.Rmd’
--- re-building ‘IceSat-2_Virtual_File_System_Orbits_PDF.Rmd’ using rmarkdown
Warning: LaTeX Warning: `h' float specifier changed to `ht'.
--- finished re-building ‘IceSat-2_Virtual_File_System_Orbits_PDF.Rmd’
SUMMARY: processing the following file failed:
‘IceSat-2_Mission_Orbits_PDF.Rmd’
Error: Vignette re-building failed.
Execution halted
Flavor: r-oldrel-macos-arm64