CRAN Package Check Results for Package JNplots

Last updated on 2025-02-25 08:51:46 CET.

Flavor Version Tinstall Tcheck Ttotal Status Flags
r-devel-linux-x86_64-debian-clang 0.1.1 3.67 36.70 40.37 NOTE
r-devel-linux-x86_64-debian-gcc 0.1.1 2.85 28.06 30.91 NOTE
r-devel-linux-x86_64-fedora-clang 0.1.1 66.91 OK
r-devel-linux-x86_64-fedora-gcc 0.1.1 64.96 OK
r-devel-macos-arm64 0.1.1 23.00 OK
r-devel-macos-x86_64 0.1.1 50.00 OK
r-devel-windows-x86_64 0.1.1 5.00 56.00 61.00 NOTE
r-patched-linux-x86_64 0.1.1 4.02 35.02 39.04 OK
r-release-linux-x86_64 0.1.1 3.81 35.37 39.18 OK
r-release-macos-arm64 0.1.1 24.00 OK
r-release-macos-x86_64 0.1.1 34.00 OK
r-release-windows-x86_64 0.1.1 6.00 56.00 62.00 OK
r-oldrel-macos-arm64 0.1.1 OK
r-oldrel-macos-x86_64 0.1.1 58.00 OK
r-oldrel-windows-x86_64 0.1.1 6.00 60.00 66.00 OK

Check Details

Version: 0.1.1
Check: Rd cross-references
Result: NOTE Found the following Rd file(s) with Rd \link{} targets missing package anchors: jnt_cat.Rd: corStruct, corClasses jnt_cont.Rd: corStruct, corClasses Please provide package anchors for all Rd \link{} targets not in the package itself and the base packages. Flavors: r-devel-linux-x86_64-debian-clang, r-devel-linux-x86_64-debian-gcc, r-devel-windows-x86_64