Last updated on 2024-06-04 19:47:52 CEST.
Flavor | Version | Tinstall | Tcheck | Ttotal | Status | Flags |
---|---|---|---|---|---|---|
r-devel-linux-x86_64-debian-clang | 6.4 | 37.14 | 53.91 | 91.05 | NOTE | |
r-devel-linux-x86_64-debian-gcc | 6.4 | 24.36 | 41.70 | 66.06 | NOTE | |
r-devel-linux-x86_64-fedora-clang | 6.4 | 120.84 | NOTE | |||
r-devel-linux-x86_64-fedora-gcc | 6.4 | 116.51 | NOTE | |||
r-devel-windows-x86_64 | 6.4 | 32.00 | 79.00 | 111.00 | NOTE | |
r-patched-linux-x86_64 | 6.4 | 30.26 | 53.72 | 83.98 | NOTE | |
r-release-linux-x86_64 | 6.4 | 32.88 | 52.31 | 85.19 | NOTE | |
r-release-macos-arm64 | 6.4 | 31.00 | NOTE | |||
r-release-windows-x86_64 | 6.4 | 30.00 | 84.00 | 114.00 | NOTE | |
r-oldrel-macos-arm64 | 6.4 | 36.00 | OK | |||
r-oldrel-macos-x86_64 | 6.4 | 53.00 | OK | |||
r-oldrel-windows-x86_64 | 6.4 | 37.00 | 91.00 | 128.00 | OK |
Version: 6.4
Check: Rd files
Result: NOTE
checkRd: (-1) subjOCCDIF.Rd:23: Lost braces
23 | the scale on which to evaluate each subject. \code{stype = "ObsScore"} uses the subject's total score. \code{stype = "Theta"} uses the subject's rank on the \code{thetadist} scale. \code{stype = "ThetaML"} uses the maximum likelihood estimate for the subject on the \code{thetadist} scale. code{stype = "ScoreML"} uses the maximum likelihood estimate for the subject on the overall test score scale.
| ^
Flavors: r-devel-linux-x86_64-debian-clang, r-devel-linux-x86_64-debian-gcc, r-devel-linux-x86_64-fedora-clang, r-devel-linux-x86_64-fedora-gcc, r-devel-windows-x86_64, r-patched-linux-x86_64, r-release-linux-x86_64, r-release-macos-arm64, r-release-windows-x86_64
Version: 6.4
Check: compiled code
Result: NOTE
File ‘KernSmoothIRT/libs/KernSmoothIRT.so’:
Found no calls to: ‘R_registerRoutines’, ‘R_useDynamicSymbols’
It is good practice to register native routines and to disable symbol
search.
See ‘Writing portable packages’ in the ‘Writing R Extensions’ manual.
Flavors: r-devel-linux-x86_64-fedora-clang, r-devel-linux-x86_64-fedora-gcc