Last updated on 2025-02-17 08:50:53 CET.
Flavor | Version | Tinstall | Tcheck | Ttotal | Status | Flags |
---|---|---|---|---|---|---|
r-devel-linux-x86_64-debian-clang | 0.3.0 | 10.16 | 132.35 | 142.51 | NOTE | |
r-devel-linux-x86_64-debian-gcc | 0.3.0 | 7.19 | 96.44 | 103.63 | NOTE | |
r-devel-linux-x86_64-fedora-clang | 0.3.0 | 229.28 | NOTE | |||
r-devel-linux-x86_64-fedora-gcc | 0.3.0 | 227.06 | NOTE | |||
r-devel-macos-arm64 | 0.3.0 | 69.00 | NOTE | |||
r-devel-macos-x86_64 | 0.3.0 | 144.00 | NOTE | |||
r-devel-windows-x86_64 | 0.3.0 | 12.00 | 170.00 | 182.00 | NOTE | |
r-patched-linux-x86_64 | 0.3.0 | 12.15 | 122.39 | 134.54 | NOTE | |
r-release-linux-x86_64 | 0.3.0 | 10.04 | 124.50 | 134.54 | NOTE | |
r-release-macos-arm64 | 0.3.0 | 73.00 | NOTE | |||
r-release-macos-x86_64 | 0.3.0 | 111.00 | NOTE | |||
r-release-windows-x86_64 | 0.3.0 | 13.00 | 166.00 | 179.00 | NOTE | |
r-oldrel-macos-arm64 | 0.3.0 | 65.00 | OK | |||
r-oldrel-macos-x86_64 | 0.3.0 | 157.00 | OK | |||
r-oldrel-windows-x86_64 | 0.3.0 | 15.00 | 186.00 | 201.00 | OK |
Version: 0.3.0
Check: Rd files
Result: NOTE
checkRd: (-1) TS_diagnostics_plot.Rd:19: Lost braces
19 | \item{interactive}{\code{logical} input, should be code{TRUE} unless
| ^
checkRd: (-1) plot.TS_fit.Rd:29: Lost braces
29 | \item{interactive}{\code{logical} input, should be code{TRUE} unless
| ^
Flavors: r-devel-linux-x86_64-debian-clang, r-devel-linux-x86_64-debian-gcc, r-devel-linux-x86_64-fedora-clang, r-devel-linux-x86_64-fedora-gcc, r-devel-macos-arm64, r-devel-macos-x86_64, r-devel-windows-x86_64, r-patched-linux-x86_64, r-release-linux-x86_64, r-release-macos-arm64, r-release-macos-x86_64, r-release-windows-x86_64