Last updated on 2024-06-04 19:47:55 CEST.
Flavor | Version | Tinstall | Tcheck | Ttotal | Status | Flags |
---|---|---|---|---|---|---|
r-devel-linux-x86_64-debian-clang | 0.3.0 | 1.93 | 36.53 | 38.46 | NOTE | |
r-devel-linux-x86_64-debian-gcc | 0.3.0 | 1.85 | 27.77 | 29.62 | NOTE | |
r-devel-linux-x86_64-fedora-clang | 0.3.0 | 49.64 | NOTE | |||
r-devel-linux-x86_64-fedora-gcc | 0.3.0 | 59.59 | NOTE | |||
r-devel-windows-x86_64 | 0.3.0 | 3.00 | 47.00 | 50.00 | NOTE | |
r-patched-linux-x86_64 | 0.3.0 | 2.48 | 35.26 | 37.74 | NOTE | |
r-release-linux-x86_64 | 0.3.0 | 2.30 | 34.42 | 36.72 | NOTE | |
r-release-macos-arm64 | 0.3.0 | 25.00 | NOTE | |||
r-release-windows-x86_64 | 0.3.0 | 3.00 | 47.00 | 50.00 | NOTE | |
r-oldrel-macos-arm64 | 0.3.0 | 29.00 | NOTE | |||
r-oldrel-macos-x86_64 | 0.3.0 | 37.00 | NOTE | |||
r-oldrel-windows-x86_64 | 0.3.0 | 3.00 | 50.00 | 53.00 | NOTE |
Version: 0.3.0
Check: Rd files
Result: NOTE
checkRd: (-1) apc.Rd:28: Lost braces in \itemize; \value handles \item{}{} directly
checkRd: (-1) apc.Rd:29: Lost braces in \itemize; \value handles \item{}{} directly
checkRd: (-1) apc.Rd:30: Lost braces in \itemize; \value handles \item{}{} directly
checkRd: (-1) apc.Rd:31: Lost braces in \itemize; \value handles \item{}{} directly
checkRd: (-1) mpn.Rd:28-29: Lost braces in \itemize; \value handles \item{}{} directly
checkRd: (-1) mpn.Rd:30: Lost braces in \itemize; \value handles \item{}{} directly
checkRd: (-1) mpn.Rd:31-35: Lost braces in \itemize; \value handles \item{}{} directly
checkRd: (-1) mpn.Rd:36-40: Lost braces in \itemize; \value handles \item{}{} directly
checkRd: (-1) mpn.Rd:41: Lost braces in \itemize; \value handles \item{}{} directly
checkRd: (-1) mpn.Rd:42: Lost braces in \itemize; \value handles \item{}{} directly
checkRd: (-1) mpn.Rd:43: Lost braces in \itemize; \value handles \item{}{} directly
checkRd: (-1) mpn.Rd:44: Lost braces in \itemize; \value handles \item{}{} directly
checkRd: (-1) mpn.Rd:45: Lost braces in \itemize; \value handles \item{}{} directly
Flavors: r-devel-linux-x86_64-debian-clang, r-devel-linux-x86_64-debian-gcc, r-devel-linux-x86_64-fedora-clang, r-devel-linux-x86_64-fedora-gcc, r-devel-windows-x86_64, r-patched-linux-x86_64, r-release-linux-x86_64, r-release-macos-arm64, r-release-windows-x86_64
Version: 0.3.0
Check: LazyData
Result: NOTE
'LazyData' is specified without a 'data' directory
Flavors: r-devel-linux-x86_64-debian-clang, r-devel-linux-x86_64-debian-gcc, r-devel-linux-x86_64-fedora-clang, r-devel-linux-x86_64-fedora-gcc, r-devel-windows-x86_64, r-patched-linux-x86_64, r-release-linux-x86_64, r-release-macos-arm64, r-release-windows-x86_64, r-oldrel-macos-arm64, r-oldrel-macos-x86_64, r-oldrel-windows-x86_64