Last updated on 2025-02-06 19:49:29 CET.
Flavor | Version | Tinstall | Tcheck | Ttotal | Status | Flags |
---|---|---|---|---|---|---|
r-devel-linux-x86_64-debian-clang | 1.3.7 | 17.15 | 269.24 | 286.39 | OK | |
r-devel-linux-x86_64-debian-gcc | 1.3.7 | 11.78 | 196.99 | 208.77 | OK | |
r-devel-linux-x86_64-fedora-clang | 1.3.7 | 455.12 | NOTE | |||
r-devel-linux-x86_64-fedora-gcc | 1.3.7 | 431.89 | NOTE | |||
r-devel-windows-x86_64 | 1.3.7 | 17.00 | 218.00 | 235.00 | OK | |
r-patched-linux-x86_64 | 1.3.7 | 15.57 | 247.34 | 262.91 | OK | |
r-release-linux-x86_64 | 1.3.7 | 14.86 | 252.62 | 267.48 | OK | |
r-release-macos-arm64 | 1.3.7 | 102.00 | OK | |||
r-release-macos-x86_64 | 1.3.7 | 148.00 | OK | |||
r-release-windows-x86_64 | 1.3.7 | 16.00 | 211.00 | 227.00 | OK | |
r-oldrel-macos-arm64 | 1.3.7 | 116.00 | OK | |||
r-oldrel-macos-x86_64 | 1.3.7 | 176.00 | OK | |||
r-oldrel-windows-x86_64 | 1.3.7 | 22.00 | 276.00 | 298.00 | OK |
Version: 1.3.7
Check: dependencies in R code
Result: NOTE
Namespace in Imports field not imported from: ‘ranger’
All declared Imports should be used.
Flavors: r-devel-linux-x86_64-fedora-clang, r-devel-linux-x86_64-fedora-gcc