Last updated on 2024-06-04 19:47:53 CEST.
Flavor | Version | Tinstall | Tcheck | Ttotal | Status | Flags |
---|---|---|---|---|---|---|
r-devel-linux-x86_64-debian-clang | 0.1.0 | 19.09 | 156.74 | 175.83 | OK | |
r-devel-linux-x86_64-debian-gcc | 0.1.0 | 15.96 | 111.86 | 127.82 | OK | |
r-devel-linux-x86_64-fedora-clang | 0.1.0 | 215.44 | NOTE | |||
r-devel-linux-x86_64-fedora-gcc | 0.1.0 | 209.95 | NOTE | |||
r-devel-windows-x86_64 | 0.1.0 | 16.00 | 113.00 | 129.00 | OK | |
r-patched-linux-x86_64 | 0.1.0 | 20.37 | 147.63 | 168.00 | OK | |
r-release-linux-x86_64 | 0.1.0 | 13.61 | 147.07 | 160.68 | OK | |
r-release-macos-arm64 | 0.1.0 | 59.00 | OK | |||
r-release-windows-x86_64 | 0.1.0 | 16.00 | 109.00 | 125.00 | OK | |
r-oldrel-macos-arm64 | 0.1.0 | 66.00 | OK | |||
r-oldrel-macos-x86_64 | 0.1.0 | 125.00 | OK | |||
r-oldrel-windows-x86_64 | 0.1.0 | 22.00 | 136.00 | 158.00 | OK |
Version: 0.1.0
Check: dependencies in R code
Result: NOTE
Namespaces in Imports field not imported from:
‘shinythemes’ ‘topicmodels’
All declared Imports should be used.
Flavors: r-devel-linux-x86_64-fedora-clang, r-devel-linux-x86_64-fedora-gcc