Last updated on 2025-05-10 08:50:43 CEST.
Flavor | Version | Tinstall | Tcheck | Ttotal | Status | Flags |
---|---|---|---|---|---|---|
r-devel-linux-x86_64-debian-clang | 0.1.2 | 5.50 | 187.64 | 193.14 | NOTE | |
r-devel-linux-x86_64-debian-gcc | 0.1.2 | 4.13 | 106.05 | 110.18 | NOTE | |
r-devel-linux-x86_64-fedora-clang | 0.1.2 | 288.43 | NOTE | |||
r-devel-linux-x86_64-fedora-gcc | 0.1.2 | 313.29 | NOTE | |||
r-devel-windows-x86_64 | 0.1.2 | 7.00 | 169.00 | 176.00 | OK | |
r-patched-linux-x86_64 | 0.1.2 | 5.33 | 172.03 | 177.36 | OK | |
r-release-linux-x86_64 | 0.1.2 | 4.54 | 176.24 | 180.78 | OK | |
r-release-macos-arm64 | 0.1.2 | 74.00 | OK | |||
r-release-macos-x86_64 | 0.1.2 | 177.00 | OK | |||
r-release-windows-x86_64 | 0.1.2 | 8.00 | 170.00 | 178.00 | OK | |
r-oldrel-macos-arm64 | 0.1.2 | 73.00 | NOTE | |||
r-oldrel-macos-x86_64 | 0.1.2 | 128.00 | NOTE | |||
r-oldrel-windows-x86_64 | 0.1.2 | 10.00 | 232.00 | 242.00 | NOTE |
Version: 0.1.2
Check: CRAN incoming feasibility
Result: NOTE
Maintainer: ‘Cassandro Davi Emer <cde@actisys.org>’
No Authors@R field in DESCRIPTION.
Please add one, modifying
Authors@R: person(given = c("Cassandro", "Davi"),
family = "Emer",
role = c("aut", "cre"),
email = "cde@actisys.org")
as necessary.
Flavors: r-devel-linux-x86_64-debian-clang, r-devel-linux-x86_64-debian-gcc
Version: 0.1.2
Check: dependencies in R code
Result: NOTE
Namespace in Imports field not imported from: ‘rlang’
All declared Imports should be used.
Flavors: r-devel-linux-x86_64-fedora-clang, r-devel-linux-x86_64-fedora-gcc
Version: 0.1.2
Check: LazyData
Result: NOTE
'LazyData' is specified without a 'data' directory
Flavors: r-oldrel-macos-arm64, r-oldrel-macos-x86_64, r-oldrel-windows-x86_64