Last updated on 2024-06-04 19:47:54 CEST.
Flavor | Version | Tinstall | Tcheck | Ttotal | Status | Flags |
---|---|---|---|---|---|---|
r-devel-linux-x86_64-debian-clang | 0.9.6 | 19.59 | 149.99 | 169.58 | OK | |
r-devel-linux-x86_64-debian-gcc | 0.9.6 | 14.86 | 109.77 | 124.63 | OK | |
r-devel-linux-x86_64-fedora-clang | 0.9.6 | 207.65 | NOTE | |||
r-devel-linux-x86_64-fedora-gcc | 0.9.6 | 204.55 | OK | |||
r-devel-windows-x86_64 | 0.9.6 | 18.00 | 124.00 | 142.00 | OK | |
r-patched-linux-x86_64 | 0.9.6 | 12.36 | 145.82 | 158.18 | OK | |
r-release-linux-x86_64 | 0.9.6 | 15.53 | 145.18 | 160.71 | OK | |
r-release-macos-arm64 | 0.9.6 | 55.00 | OK | |||
r-release-macos-x86_64 | 0.9.6 | 111.00 | OK | |||
r-release-windows-x86_64 | 0.9.6 | 17.00 | 130.00 | 147.00 | OK | |
r-oldrel-macos-arm64 | 0.9.6 | 60.00 | OK | |||
r-oldrel-macos-x86_64 | 0.9.6 | 114.00 | OK | |||
r-oldrel-windows-x86_64 | 0.9.6 | 21.00 | 152.00 | 173.00 | OK |
Version: 0.9.6
Check: Rd cross-references
Result: NOTE
Undeclared package ‘pscl’ in Rd xrefs
Flavor: r-devel-linux-x86_64-fedora-clang