Last updated on 2024-06-04 19:47:55 CEST.
Flavor | Version | Tinstall | Tcheck | Ttotal | Status | Flags |
---|---|---|---|---|---|---|
r-devel-linux-x86_64-debian-clang | 1.0.3 | 23.36 | 104.47 | 127.83 | NOTE | |
r-devel-linux-x86_64-debian-gcc | 1.0.3 | 16.95 | 75.90 | 92.85 | NOTE | |
r-devel-linux-x86_64-fedora-clang | 1.0.3 | 167.63 | NOTE | |||
r-devel-linux-x86_64-fedora-gcc | 1.0.3 | 148.11 | NOTE | |||
r-devel-windows-x86_64 | 1.0.3 | 22.00 | 132.00 | 154.00 | NOTE | |
r-patched-linux-x86_64 | 1.0.3 | 27.32 | 100.14 | 127.46 | NOTE | |
r-release-linux-x86_64 | 1.0.3 | 17.48 | 96.82 | 114.30 | NOTE | |
r-release-macos-arm64 | 1.0.3 | 45.00 | NOTE | |||
r-release-macos-x86_64 | 1.0.3 | 120.00 | NOTE | |||
r-release-windows-x86_64 | 1.0.3 | 21.00 | 137.00 | 158.00 | NOTE | |
r-oldrel-macos-arm64 | 1.0.3 | 46.00 | NOTE | |||
r-oldrel-macos-x86_64 | 1.0.3 | 110.00 | NOTE | |||
r-oldrel-windows-x86_64 | 1.0.3 | 27.00 | 150.00 | 177.00 | NOTE |
Version: 1.0.3
Check: package dependencies
Result: NOTE
Packages which this enhances but not available for checking:
'NGCHMDemoData', 'NGCHMSupportFiles'
Flavors: r-devel-linux-x86_64-debian-clang, r-devel-linux-x86_64-debian-gcc, r-devel-linux-x86_64-fedora-clang, r-devel-linux-x86_64-fedora-gcc, r-devel-windows-x86_64, r-patched-linux-x86_64, r-release-linux-x86_64, r-release-macos-arm64, r-release-macos-x86_64, r-release-windows-x86_64, r-oldrel-macos-arm64, r-oldrel-macos-x86_64, r-oldrel-windows-x86_64