Last updated on 2025-02-17 08:50:58 CET.
Flavor | Version | Tinstall | Tcheck | Ttotal | Status | Flags |
---|---|---|---|---|---|---|
r-devel-linux-x86_64-debian-clang | 0.28 | 31.09 | 569.73 | 600.82 | OK | |
r-devel-linux-x86_64-debian-gcc | 0.28 | 20.34 | 410.86 | 431.20 | OK | |
r-devel-linux-x86_64-fedora-clang | 0.28 | 990.48 | OK | |||
r-devel-linux-x86_64-fedora-gcc | 0.28 | 987.66 | OK | |||
r-devel-macos-arm64 | 0.28 | 243.00 | OK | |||
r-devel-macos-x86_64 | 0.28 | 540.00 | OK | |||
r-devel-windows-x86_64 | 0.28 | 37.00 | 561.00 | 598.00 | OK | |
r-patched-linux-x86_64 | 0.28 | 36.47 | 529.75 | 566.22 | OK | |
r-release-linux-x86_64 | 0.28 | 30.40 | 533.47 | 563.87 | OK | |
r-release-macos-arm64 | 0.28 | 318.00 | NOTE | |||
r-release-macos-x86_64 | 0.28 | 941.00 | NOTE | |||
r-release-windows-x86_64 | 0.28 | 38.00 | 552.00 | 590.00 | OK | |
r-oldrel-macos-arm64 | 0.28 | 432.00 | NOTE | |||
r-oldrel-macos-x86_64 | 0.28 | 872.00 | NOTE | |||
r-oldrel-windows-x86_64 | 0.28 | 50.00 | 708.00 | 758.00 | OK |
Version: 0.28
Check: package dependencies
Result: NOTE
Package suggested but not available for checking: ‘doMPI’
Flavors: r-release-macos-arm64, r-release-macos-x86_64, r-oldrel-macos-arm64, r-oldrel-macos-x86_64