Last updated on 2025-02-07 08:51:29 CET.
Flavor | Version | Tinstall | Tcheck | Ttotal | Status | Flags |
---|---|---|---|---|---|---|
r-devel-linux-x86_64-debian-clang | 1.1-6 | 4.26 | 48.88 | 53.14 | NOTE | |
r-devel-linux-x86_64-debian-gcc | 1.1-6 | 3.16 | 34.84 | 38.00 | NOTE | |
r-devel-linux-x86_64-fedora-clang | 1.1-6 | 92.70 | OK | |||
r-devel-linux-x86_64-fedora-gcc | 1.1-6 | 82.11 | OK | |||
r-devel-windows-x86_64 | 1.1-6 | 5.00 | 69.00 | 74.00 | NOTE | |
r-patched-linux-x86_64 | 1.1-6 | 11.59 | 46.09 | 57.68 | OK | |
r-release-linux-x86_64 | 1.1-6 | 4.07 | 46.26 | 50.33 | OK | |
r-release-macos-arm64 | 1.1-6 | 32.00 | OK | |||
r-release-macos-x86_64 | 1.1-6 | 44.00 | OK | |||
r-release-windows-x86_64 | 1.1-6 | 6.00 | 69.00 | 75.00 | OK | |
r-oldrel-macos-arm64 | 1.1-6 | 31.00 | OK | |||
r-oldrel-macos-x86_64 | 1.1-6 | 61.00 | OK | |||
r-oldrel-windows-x86_64 | 1.1-6 | 7.00 | 78.00 | 85.00 | OK |
Version: 1.1-6
Check: Rd cross-references
Result: NOTE
Found the following Rd file(s) with Rd \link{} targets missing package
anchors:
analyze_ptn.Rd: igraph
origin-methods.Rd: igraph
origin_multiple.Rd: fastgreedy.community,
leading.eigenvector.community
plot_ptn.Rd: igraph, plot.igraph
Please provide package anchors for all Rd \link{} targets not in the
package itself and the base packages.
Flavors: r-devel-linux-x86_64-debian-clang, r-devel-linux-x86_64-debian-gcc, r-devel-windows-x86_64