Last updated on 2025-05-10 08:50:46 CEST.
Flavor | Version | Tinstall | Tcheck | Ttotal | Status | Flags |
---|---|---|---|---|---|---|
r-devel-linux-x86_64-debian-clang | 2024.1.24 | 2.57 | 23.76 | 26.33 | NOTE | |
r-devel-linux-x86_64-debian-gcc | 2024.1.24 | 2.04 | 19.33 | 21.37 | NOTE | |
r-devel-linux-x86_64-fedora-clang | 2024.1.24 | 40.89 | OK | |||
r-devel-linux-x86_64-fedora-gcc | 2024.1.24 | 39.20 | OK | |||
r-devel-windows-x86_64 | 2024.1.24 | 6.00 | 49.00 | 55.00 | OK | |
r-patched-linux-x86_64 | 2024.1.24 | 2.58 | 23.05 | 25.63 | OK | |
r-release-linux-x86_64 | 2024.1.24 | 2.52 | 23.15 | 25.67 | OK | |
r-release-macos-arm64 | 2024.1.24 | 18.00 | OK | |||
r-release-macos-x86_64 | 2024.1.24 | 29.00 | OK | |||
r-release-windows-x86_64 | 2024.1.24 | 7.00 | 50.00 | 57.00 | OK | |
r-oldrel-macos-arm64 | 2024.1.24 | 18.00 | OK | |||
r-oldrel-macos-x86_64 | 2024.1.24 | 28.00 | OK | |||
r-oldrel-windows-x86_64 | 2024.1.24 | 6.00 | 53.00 | 59.00 | OK |
Version: 2024.1.24
Check: CRAN incoming feasibility
Result: NOTE
Maintainer: ‘Toby Dylan Hocking <toby.hocking@r-project.org>’
No Authors@R field in DESCRIPTION.
Please add one, modifying
Authors@R: c(person(given = c("Toby", "Dylan"),
family = "Hocking",
role = c("aut", "cre"),
email = "toby.hocking@r-project.org"),
person(given = "Guillem",
family = "Rigaill",
role = "aut"))
as necessary.
Flavors: r-devel-linux-x86_64-debian-clang, r-devel-linux-x86_64-debian-gcc