Last updated on 2025-02-17 08:51:00 CET.
Flavor | Version | Tinstall | Tcheck | Ttotal | Status | Flags |
---|---|---|---|---|---|---|
r-devel-linux-x86_64-debian-clang | 0.1.6 | 6.83 | 61.27 | 68.10 | NOTE | |
r-devel-linux-x86_64-debian-gcc | 0.1.6 | 4.53 | 42.97 | 47.50 | NOTE | |
r-devel-linux-x86_64-fedora-clang | 0.1.6 | 108.80 | NOTE | |||
r-devel-linux-x86_64-fedora-gcc | 0.1.6 | 101.80 | NOTE | |||
r-devel-macos-arm64 | 0.1.6 | 33.00 | OK | |||
r-devel-macos-x86_64 | 0.1.6 | 77.00 | OK | |||
r-devel-windows-x86_64 | 0.1.6 | 8.00 | 77.00 | 85.00 | OK | |
r-patched-linux-x86_64 | 0.1.6 | 6.73 | 55.73 | 62.46 | NOTE | |
r-release-linux-x86_64 | 0.1.6 | 6.65 | 55.94 | 62.59 | NOTE | |
r-release-macos-arm64 | 0.1.6 | 36.00 | OK | |||
r-release-macos-x86_64 | 0.1.6 | 51.00 | OK | |||
r-release-windows-x86_64 | 0.1.6 | 9.00 | 84.00 | 93.00 | OK | |
r-oldrel-macos-arm64 | 0.1.6 | 35.00 | OK | |||
r-oldrel-macos-x86_64 | 0.1.6 | 48.00 | OK | |||
r-oldrel-windows-x86_64 | 0.1.6 | 11.00 | 95.00 | 106.00 | OK |
Version: 0.1.6
Check: for non-standard things in the check directory
Result: NOTE
Found the following files/directories:
‘P2Run.csv’ ‘P2Run.html’ ‘P2Run.png’
Flavors: r-devel-linux-x86_64-debian-clang, r-devel-linux-x86_64-debian-gcc, r-devel-linux-x86_64-fedora-clang, r-devel-linux-x86_64-fedora-gcc, r-patched-linux-x86_64, r-release-linux-x86_64