Last updated on 2025-05-10 08:50:47 CEST.
Flavor | Version | Tinstall | Tcheck | Ttotal | Status | Flags |
---|---|---|---|---|---|---|
r-devel-linux-x86_64-debian-clang | 2.17.2 | 4.62 | 59.75 | 64.37 | OK | |
r-devel-linux-x86_64-debian-gcc | 2.17.2 | 2.50 | 44.48 | 46.98 | OK | |
r-devel-linux-x86_64-fedora-clang | 2.17.2 | 106.46 | OK | |||
r-devel-linux-x86_64-fedora-gcc | 2.17.2 | 110.41 | OK | |||
r-devel-windows-x86_64 | 2.17.2 | 6.00 | 100.00 | 106.00 | OK | |
r-patched-linux-x86_64 | 2.17.2 | 4.52 | 57.41 | 61.93 | OK | |
r-release-linux-x86_64 | 2.17.2 | 4.11 | 56.64 | 60.75 | OK | |
r-release-macos-arm64 | 2.17.2 | 64.00 | OK | |||
r-release-macos-x86_64 | 2.17.2 | 114.00 | OK | |||
r-release-windows-x86_64 | 2.17.2 | 5.00 | 101.00 | 106.00 | OK | |
r-oldrel-macos-arm64 | 2.17.2 | 40.00 | OK | |||
r-oldrel-macos-x86_64 | 2.17.2 | 48.00 | NOTE | |||
r-oldrel-windows-x86_64 | 2.17.2 | 8.00 | 120.00 | 128.00 | OK |
Version: 2.17.2
Check: package vignettes
Result: NOTE
Package has ‘vignettes’ subdirectory but apparently no vignettes.
Perhaps the ‘VignetteBuilder’ information is missing from the
DESCRIPTION file?
Flavor: r-oldrel-macos-x86_64