Last updated on 2025-02-06 19:49:32 CET.
Flavor | Version | Tinstall | Tcheck | Ttotal | Status | Flags |
---|---|---|---|---|---|---|
r-devel-linux-x86_64-debian-clang | 0.1.0 | 2.05 | 36.32 | 38.37 | OK | |
r-devel-linux-x86_64-debian-gcc | 0.1.0 | 1.56 | 27.06 | 28.62 | OK | |
r-devel-linux-x86_64-fedora-clang | 0.1.0 | 67.31 | NOTE | |||
r-devel-linux-x86_64-fedora-gcc | 0.1.0 | 72.19 | NOTE | |||
r-devel-windows-x86_64 | 0.1.0 | 4.00 | 55.00 | 59.00 | OK | |
r-patched-linux-x86_64 | 0.1.0 | 2.24 | 34.15 | 36.39 | OK | |
r-release-linux-x86_64 | 0.1.0 | 2.14 | 34.60 | 36.74 | OK | |
r-release-macos-arm64 | 0.1.0 | 28.00 | OK | |||
r-release-macos-x86_64 | 0.1.0 | 42.00 | OK | |||
r-release-windows-x86_64 | 0.1.0 | 4.00 | 55.00 | 59.00 | OK | |
r-oldrel-macos-arm64 | 0.1.0 | 32.00 | OK | |||
r-oldrel-macos-x86_64 | 0.1.0 | 35.00 | OK | |||
r-oldrel-windows-x86_64 | 0.1.0 | 5.00 | 58.00 | 63.00 | OK |
Version: 0.1.0
Check: dependencies in R code
Result: NOTE
Namespace in Imports field not imported from: ‘gridExtra’
All declared Imports should be used.
Flavors: r-devel-linux-x86_64-fedora-clang, r-devel-linux-x86_64-fedora-gcc