Last updated on 2025-05-10 19:51:06 CEST.
Flavor | Version | Tinstall | Tcheck | Ttotal | Status | Flags |
---|---|---|---|---|---|---|
r-devel-linux-x86_64-debian-clang | 1.0 | 2.52 | 30.04 | 32.56 | NOTE | |
r-devel-linux-x86_64-debian-gcc | 1.0 | 1.84 | 22.51 | 24.35 | NOTE | |
r-devel-linux-x86_64-fedora-clang | 1.0 | 48.13 | OK | |||
r-devel-linux-x86_64-fedora-gcc | 1.0 | 45.65 | OK | |||
r-devel-windows-x86_64 | 1.0 | 4.00 | 51.00 | 55.00 | OK | |
r-patched-linux-x86_64 | 1.0 | 2.42 | 27.75 | 30.17 | OK | |
r-release-linux-x86_64 | 1.0 | 1.98 | 27.50 | 29.48 | OK | |
r-release-macos-arm64 | 1.0 | 24.00 | OK | |||
r-release-macos-x86_64 | 1.0 | 34.00 | OK | |||
r-release-windows-x86_64 | 1.0 | 3.00 | 52.00 | 55.00 | OK | |
r-oldrel-macos-arm64 | 1.0 | 22.00 | OK | |||
r-oldrel-macos-x86_64 | 1.0 | 31.00 | OK | |||
r-oldrel-windows-x86_64 | 1.0 | 4.00 | 57.00 | 61.00 | OK |
Version: 1.0
Check: CRAN incoming feasibility
Result: NOTE
Maintainer: ‘Yupeng He <yupeng.he.bioinfo@gmail.com>’
No Authors@R field in DESCRIPTION.
Please add one, modifying
Authors@R: person(given = "Yupeng",
family = "He",
role = c("aut", "cre"),
email = "yupeng.he.bioinfo@gmail.com")
as necessary.
Flavors: r-devel-linux-x86_64-debian-clang, r-devel-linux-x86_64-debian-gcc