Last updated on 2024-06-04 19:47:58 CEST.
Flavor | Version | Tinstall | Tcheck | Ttotal | Status | Flags |
---|---|---|---|---|---|---|
r-devel-linux-x86_64-debian-clang | 0.8.5 | 4.75 | 72.98 | 77.73 | OK | |
r-devel-linux-x86_64-debian-gcc | 0.8.5 | 3.30 | 53.40 | 56.70 | OK | |
r-devel-linux-x86_64-fedora-clang | 0.8.5 | 95.75 | NOTE | |||
r-devel-linux-x86_64-fedora-gcc | 0.8.5 | 105.28 | NOTE | |||
r-devel-windows-x86_64 | 0.8.5 | 5.00 | 102.00 | 107.00 | OK | |
r-patched-linux-x86_64 | 0.8.5 | 4.35 | 68.71 | 73.06 | OK | |
r-release-linux-x86_64 | 0.8.5 | 4.41 | 70.95 | 75.36 | OK | |
r-release-macos-arm64 | 0.8.5 | 39.00 | OK | |||
r-release-windows-x86_64 | 0.8.5 | 5.00 | 104.00 | 109.00 | OK | |
r-oldrel-macos-arm64 | 0.8.5 | 40.00 | OK | |||
r-oldrel-macos-x86_64 | 0.8.5 | 108.00 | OK | |||
r-oldrel-windows-x86_64 | 0.8.5 | 7.00 | 109.00 | 116.00 | OK |
Version: 0.8.5
Check: dependencies in R code
Result: NOTE
Namespaces in Imports field not imported from:
‘RFlocalfdr.data’ ‘vita’
All declared Imports should be used.
Flavors: r-devel-linux-x86_64-fedora-clang, r-devel-linux-x86_64-fedora-gcc