Last updated on 2025-05-12 08:52:21 CEST.
Flavor | Version | Tinstall | Tcheck | Ttotal | Status | Flags |
---|---|---|---|---|---|---|
r-devel-linux-x86_64-debian-clang | 2.11-1 | 19.62 | 44.16 | 63.78 | OK | |
r-devel-linux-x86_64-debian-gcc | 2.11-1 | 12.81 | 32.91 | 45.72 | OK | |
r-devel-linux-x86_64-fedora-clang | 2.11-1 | 99.71 | OK | |||
r-devel-linux-x86_64-fedora-gcc | 2.11-1 | 102.49 | OK | |||
r-devel-windows-x86_64 | 2.11-1 | 81.00 | 187.00 | 268.00 | OK | |
r-patched-linux-x86_64 | 2.11-1 | 16.25 | 42.29 | 58.54 | OK | |
r-release-linux-x86_64 | 2.11-1 | 14.56 | 42.10 | 56.66 | OK | |
r-release-macos-arm64 | 2.11-1 | 71.00 | OK | |||
r-release-macos-x86_64 | 2.11-1 | 106.00 | OK | |||
r-release-windows-x86_64 | 2.11-1 | 95.00 | 193.00 | 288.00 | OK | |
r-oldrel-macos-arm64 | 2.11-1 | 72.00 | NOTE | |||
r-oldrel-macos-x86_64 | 2.11-1 | 107.00 | NOTE | |||
r-oldrel-windows-x86_64 | 2.11-1 | 99.00 | 230.00 | 329.00 | NOTE |
Version: 2.11-1
Check: package dependencies
Result: NOTE
Packages which this enhances but not available for checking:
'pbdMPI', 'Rmpi'
Flavors: r-oldrel-macos-arm64, r-oldrel-macos-x86_64
Version: 2.11-1
Check: installed package size
Result: NOTE
installed size is 6.8Mb
sub-directories of 1Mb or more:
libs 6.6Mb
Flavors: r-oldrel-macos-arm64, r-oldrel-macos-x86_64, r-oldrel-windows-x86_64
Version: 2.11-1
Check: Rd cross-references
Result: NOTE
Packages unavailable to check Rd xrefs: ‘pbdMPI’, ‘Rmpi’
Flavors: r-oldrel-macos-arm64, r-oldrel-macos-x86_64