Last updated on 2025-02-07 08:51:34 CET.
Flavor | Version | Tinstall | Tcheck | Ttotal | Status | Flags |
---|---|---|---|---|---|---|
r-devel-linux-x86_64-debian-clang | 1.5 | 1.62 | 23.31 | 24.93 | OK | |
r-devel-linux-x86_64-debian-gcc | 1.5 | 1.25 | 19.08 | 20.33 | OK | |
r-devel-linux-x86_64-fedora-clang | 1.5 | 43.01 | OK | |||
r-devel-linux-x86_64-fedora-gcc | 1.5 | 52.52 | OK | |||
r-devel-windows-x86_64 | 1.5 | 4.00 | 50.00 | 54.00 | OK | |
r-patched-linux-x86_64 | 1.5 | 1.93 | 22.13 | 24.06 | NOTE | |
r-release-linux-x86_64 | 1.5 | 1.74 | 22.26 | 24.00 | NOTE | |
r-release-macos-arm64 | 1.5 | 23.00 | NOTE | |||
r-release-macos-x86_64 | 1.5 | 37.00 | NOTE | |||
r-release-windows-x86_64 | 1.5 | 3.00 | 50.00 | 53.00 | NOTE | |
r-oldrel-macos-arm64 | 1.5 | 24.00 | NOTE | |||
r-oldrel-macos-x86_64 | 1.5 | 34.00 | NOTE | |||
r-oldrel-windows-x86_64 | 1.5 | 3.00 | 52.00 | 55.00 | NOTE |
Version: 1.5
Check: LazyData
Result: NOTE
'LazyData' is specified without a 'data' directory
Flavors: r-patched-linux-x86_64, r-release-linux-x86_64, r-release-macos-arm64, r-release-macos-x86_64, r-release-windows-x86_64, r-oldrel-macos-arm64, r-oldrel-macos-x86_64, r-oldrel-windows-x86_64