Last updated on 2025-02-17 08:51:01 CET.
Flavor | Version | Tinstall | Tcheck | Ttotal | Status | Flags |
---|---|---|---|---|---|---|
r-devel-linux-x86_64-debian-clang | 0.6.5 | 45.11 | 50.79 | 95.90 | OK | |
r-devel-linux-x86_64-debian-gcc | 0.6.5 | 35.44 | 38.52 | 73.96 | OK | |
r-devel-linux-x86_64-fedora-clang | 0.6.5 | 160.51 | OK | |||
r-devel-linux-x86_64-fedora-gcc | 0.6.5 | 196.73 | OK | |||
r-devel-macos-arm64 | 0.6.5 | 51.00 | OK | |||
r-devel-macos-x86_64 | 0.6.5 | 90.00 | OK | |||
r-devel-windows-x86_64 | 0.6.5 | 125.00 | 124.00 | 249.00 | OK | |
r-patched-linux-x86_64 | 0.6.5 | 49.82 | 49.53 | 99.35 | NOTE | |
r-release-linux-x86_64 | 0.6.5 | 48.22 | 49.82 | 98.04 | NOTE | |
r-release-macos-arm64 | 0.6.5 | 64.00 | NOTE | |||
r-release-macos-x86_64 | 0.6.5 | 101.00 | NOTE | |||
r-release-windows-x86_64 | 0.6.5 | 134.00 | 127.00 | 261.00 | NOTE | |
r-oldrel-macos-arm64 | 0.6.5 | 59.00 | NOTE | |||
r-oldrel-macos-x86_64 | 0.6.5 | 96.00 | NOTE | |||
r-oldrel-windows-x86_64 | 0.6.5 | 142.00 | 130.00 | 272.00 | NOTE |
Version: 0.6.5
Check: for GNU extensions in Makefiles
Result: NOTE
GNU make is a SystemRequirements.
Flavors: r-patched-linux-x86_64, r-release-linux-x86_64, r-release-macos-arm64, r-release-macos-x86_64, r-release-windows-x86_64, r-oldrel-macos-arm64, r-oldrel-macos-x86_64, r-oldrel-windows-x86_64
Version: 0.6.5
Check: installed package size
Result: NOTE
installed size is 7.6Mb
sub-directories of 1Mb or more:
libs 6.2Mb
Flavors: r-release-macos-arm64, r-release-macos-x86_64, r-release-windows-x86_64, r-oldrel-macos-arm64, r-oldrel-macos-x86_64, r-oldrel-windows-x86_64