Last updated on 2025-04-16 08:51:37 CEST.
Flavor | Version | Tinstall | Tcheck | Ttotal | Status | Flags |
---|---|---|---|---|---|---|
r-devel-linux-x86_64-debian-clang | 0.6.0 | 24.10 | 42.15 | 66.25 | OK | |
r-devel-linux-x86_64-debian-gcc | 0.6.0 | 22.40 | 29.17 | 51.57 | OK | |
r-devel-linux-x86_64-fedora-clang | 0.6.0 | 110.31 | OK | |||
r-devel-linux-x86_64-fedora-gcc | 0.6.0 | 126.23 | OK | |||
r-devel-windows-x86_64 | 0.6.0 | 31.00 | 86.00 | 117.00 | OK | |
r-patched-linux-x86_64 | 0.6.0 | 29.96 | 40.72 | 70.68 | OK | |
r-release-linux-x86_64 | 0.6.0 | 25.66 | 40.82 | 66.48 | OK | |
r-release-macos-arm64 | 0.6.0 | 36.00 | OK | |||
r-release-macos-x86_64 | 0.6.0 | 69.00 | OK | |||
r-release-windows-x86_64 | 0.6.0 | 33.00 | 99.00 | 132.00 | OK | |
r-oldrel-macos-arm64 | 0.6.0 | 38.00 | NOTE | |||
r-oldrel-macos-x86_64 | 0.6.0 | 52.00 | NOTE | |||
r-oldrel-windows-x86_64 | 0.6.0 | 39.00 | 98.00 | 137.00 | OK |
Version: 0.6.0
Check: installed package size
Result: NOTE
installed size is 6.6Mb
sub-directories of 1Mb or more:
libs 6.4Mb
Flavors: r-oldrel-macos-arm64, r-oldrel-macos-x86_64