CRAN Package Check Results for Package RcppXPtrUtils

Last updated on 2025-05-12 08:52:20 CEST.

Flavor Version Tinstall Tcheck Ttotal Status Flags
r-devel-linux-x86_64-debian-clang 0.1.2 1.17 29.30 30.47 NOTE
r-devel-linux-x86_64-debian-gcc 0.1.2 1.31 22.91 24.22 NOTE
r-devel-linux-x86_64-fedora-clang 0.1.2 51.23 OK
r-devel-linux-x86_64-fedora-gcc 0.1.2 50.03 OK
r-devel-windows-x86_64 0.1.2 2.00 55.00 57.00 NOTE
r-patched-linux-x86_64 0.1.2 1.58 27.04 28.62 NOTE
r-release-linux-x86_64 0.1.2 1.65 26.52 28.17 NOTE
r-release-macos-arm64 0.1.2 21.00 OK
r-release-macos-x86_64 0.1.2 34.00 OK
r-release-windows-x86_64 0.1.2 2.00 60.00 62.00 NOTE
r-oldrel-macos-arm64 0.1.2 20.00 OK
r-oldrel-macos-x86_64 0.1.2 31.00 OK
r-oldrel-windows-x86_64 0.1.2 3.00 63.00 66.00 OK

Check Details

Version: 0.1.2
Check: Rd cross-references
Result: NOTE Found the following Rd file(s) with Rd \link{} targets missing package anchors: cppXPtr.Rd: cppFunction Please provide package anchors for all Rd \link{} targets not in the package itself and the base packages. Flavors: r-devel-linux-x86_64-debian-clang, r-devel-linux-x86_64-debian-gcc, r-devel-windows-x86_64, r-patched-linux-x86_64, r-release-linux-x86_64, r-release-windows-x86_64