Last updated on 2025-05-10 19:51:06 CEST.
Flavor | Version | Tinstall | Tcheck | Ttotal | Status | Flags |
---|---|---|---|---|---|---|
r-devel-linux-x86_64-debian-clang | 0.1.9 | 10.14 | 103.60 | 113.74 | OK | |
r-devel-linux-x86_64-debian-gcc | 0.1.9 | 6.78 | 71.72 | 78.50 | OK | |
r-devel-linux-x86_64-fedora-clang | 0.1.9 | 192.19 | OK | |||
r-devel-linux-x86_64-fedora-gcc | 0.1.9 | 187.19 | OK | |||
r-devel-windows-x86_64 | 0.1.9 | 13.00 | 119.00 | 132.00 | OK | |
r-patched-linux-x86_64 | 0.1.9 | 11.16 | 96.45 | 107.61 | OK | |
r-release-linux-x86_64 | 0.1.9 | 10.48 | 94.89 | 105.37 | OK | |
r-release-macos-arm64 | 0.1.9 | 56.00 | OK | |||
r-release-macos-x86_64 | 0.1.9 | 107.00 | OK | |||
r-release-windows-x86_64 | 0.1.9 | 12.00 | 122.00 | 134.00 | OK | |
r-oldrel-macos-arm64 | 0.1.9 | 57.00 | OK | |||
r-oldrel-macos-x86_64 | 0.1.9 | 111.00 | NOTE | |||
r-oldrel-windows-x86_64 | 0.1.9 | 16.00 | 143.00 | 159.00 | OK |
Version: 0.1.9
Check: package dependencies
Result: NOTE
Packages suggested but not available for checking: 'PADOG', 'safe'
Flavor: r-oldrel-macos-x86_64
Version: 0.1.9
Check: Rd cross-references
Result: NOTE
Packages unavailable to check Rd xrefs: ‘PADOG’, ‘safe’
Flavor: r-oldrel-macos-x86_64