Last updated on 2024-06-04 19:47:59 CEST.
Flavor | Version | Tinstall | Tcheck | Ttotal | Status | Flags |
---|---|---|---|---|---|---|
r-devel-linux-x86_64-debian-clang | 3.1.1 | 10.14 | 427.82 | 437.96 | OK | |
r-devel-linux-x86_64-debian-gcc | 3.1.1 | 6.44 | 318.28 | 324.72 | OK | |
r-devel-linux-x86_64-fedora-clang | 3.1.1 | 448.33 | NOTE | |||
r-devel-linux-x86_64-fedora-gcc | 3.1.1 | 536.10 | NOTE | |||
r-devel-windows-x86_64 | 3.1.1 | 10.00 | 196.00 | 206.00 | OK | |
r-patched-linux-x86_64 | 3.1.1 | 8.83 | 408.34 | 417.17 | OK | |
r-release-linux-x86_64 | 3.1.1 | 7.36 | 408.05 | 415.41 | OK | |
r-release-macos-arm64 | 3.1.1 | 114.00 | OK | |||
r-release-macos-x86_64 | 3.1.1 | 346.00 | OK | |||
r-release-windows-x86_64 | 3.1.1 | 9.00 | 199.00 | 208.00 | OK | |
r-oldrel-macos-arm64 | 3.1.1 | 92.00 | OK | |||
r-oldrel-macos-x86_64 | 3.1.1 | 353.00 | OK | |||
r-oldrel-windows-x86_64 | 3.1.1 | 12.00 | 779.00 | 791.00 | OK |
Version: 3.1.1
Check: dependencies in R code
Result: NOTE
Namespaces in Imports field not imported from:
‘ROCit’ ‘corrplot’ ‘kableExtra’ ‘purrr’ ‘reshape2’
All declared Imports should be used.
Flavors: r-devel-linux-x86_64-fedora-clang, r-devel-linux-x86_64-fedora-gcc