Last updated on 2025-05-10 08:50:51 CEST.
Flavor | Version | Tinstall | Tcheck | Ttotal | Status | Flags |
---|---|---|---|---|---|---|
r-devel-linux-x86_64-debian-clang | 1.3 | 3.37 | 22.57 | 25.94 | NOTE | |
r-devel-linux-x86_64-debian-gcc | 1.3 | 2.36 | 17.89 | 20.25 | NOTE | |
r-devel-linux-x86_64-fedora-clang | 1.3 | 42.10 | OK | |||
r-devel-linux-x86_64-fedora-gcc | 1.3 | 53.79 | OK | |||
r-devel-windows-x86_64 | 1.3 | 7.00 | 46.00 | 53.00 | OK | |
r-patched-linux-x86_64 | 1.3 | 3.15 | 21.75 | 24.90 | OK | |
r-release-linux-x86_64 | 1.3 | 3.15 | 21.83 | 24.98 | OK | |
r-release-macos-arm64 | 1.3 | 39.00 | OK | |||
r-release-macos-x86_64 | 1.3 | 45.00 | OK | |||
r-release-windows-x86_64 | 1.3 | 9.00 | 47.00 | 56.00 | OK | |
r-oldrel-macos-arm64 | 1.3 | 23.00 | OK | |||
r-oldrel-macos-x86_64 | 1.3 | 41.00 | OK | |||
r-oldrel-windows-x86_64 | 1.3 | 6.00 | 51.00 | 57.00 | OK |
Version: 1.3
Check: CRAN incoming feasibility
Result: NOTE
Maintainer: ‘Yijian Huang <yhuang5@emory.edu>’
No Authors@R field in DESCRIPTION.
Please add one, modifying
Authors@R: person(given = "Yijian",
family = "Huang",
role = c("aut", "cre"),
email = "yhuang5@emory.edu")
as necessary.
Flavors: r-devel-linux-x86_64-debian-clang, r-devel-linux-x86_64-debian-gcc