CRAN Package Check Results for Package SigOptR

Last updated on 2025-02-07 08:51:35 CET.

Flavor Version Tinstall Tcheck Ttotal Status Flags
r-devel-linux-x86_64-debian-clang 0.0.1 1.82 16.87 18.69 OK
r-devel-linux-x86_64-debian-gcc 0.0.1 1.41 14.27 15.68 OK
r-devel-linux-x86_64-fedora-clang 0.0.1 30.49 OK
r-devel-linux-x86_64-fedora-gcc 0.0.1 28.27 OK
r-devel-windows-x86_64 0.0.1 3.00 41.00 44.00 OK
r-patched-linux-x86_64 0.0.1 1.84 16.14 17.98 NOTE
r-release-linux-x86_64 0.0.1 1.72 16.10 17.82 NOTE
r-release-macos-arm64 0.0.1 17.00 NOTE
r-release-macos-x86_64 0.0.1 20.00 NOTE
r-release-windows-x86_64 0.0.1 4.00 41.00 45.00 NOTE
r-oldrel-macos-arm64 0.0.1 15.00 NOTE
r-oldrel-macos-x86_64 0.0.1 21.00 NOTE
r-oldrel-windows-x86_64 0.0.1 3.00 42.00 45.00 NOTE

Check Details

Version: 0.0.1
Check: LazyData
Result: NOTE 'LazyData' is specified without a 'data' directory Flavors: r-patched-linux-x86_64, r-release-linux-x86_64, r-release-macos-arm64, r-release-macos-x86_64, r-release-windows-x86_64, r-oldrel-macos-arm64, r-oldrel-macos-x86_64, r-oldrel-windows-x86_64