CRAN Package Check Results for Package SpatialPOP

Last updated on 2025-02-17 08:51:06 CET.

Flavor Version Tinstall Tcheck Ttotal Status Flags
r-devel-linux-x86_64-debian-clang 0.1.0 2.21 25.63 27.84 OK
r-devel-linux-x86_64-debian-gcc 0.1.0 1.67 20.12 21.79 OK
r-devel-linux-x86_64-fedora-clang 0.1.0 46.13 NOTE
r-devel-linux-x86_64-fedora-gcc 0.1.0 57.03 NOTE
r-devel-macos-arm64 0.1.0 27.00 OK
r-devel-macos-x86_64 0.1.0 43.00 OK
r-devel-windows-x86_64 0.1.0 3.00 47.00 50.00 OK
r-patched-linux-x86_64 0.1.0 2.15 24.17 26.32 OK
r-release-linux-x86_64 0.1.0 1.66 24.16 25.82 OK
r-release-macos-arm64 0.1.0 26.00 OK
r-release-macos-x86_64 0.1.0 38.00 OK
r-release-windows-x86_64 0.1.0 3.00 45.00 48.00 OK
r-oldrel-macos-arm64 0.1.0 25.00 OK
r-oldrel-macos-x86_64 0.1.0 34.00 OK
r-oldrel-windows-x86_64 0.1.0 4.00 55.00 59.00 OK

Check Details

Version: 0.1.0
Check: dependencies in R code
Result: NOTE Namespace in Imports field not imported from: ‘MASS’ All declared Imports should be used. Flavors: r-devel-linux-x86_64-fedora-clang, r-devel-linux-x86_64-fedora-gcc