CRAN Package Check Results for Package SplitKnockoff

Last updated on 2025-05-14 19:53:11 CEST.

Flavor Version Tinstall Tcheck Ttotal Status Flags
r-devel-linux-x86_64-debian-clang 2.1 8.03 63.71 71.74 OK
r-devel-linux-x86_64-debian-gcc 2.1 5.45 48.58 54.03 OK
r-devel-linux-x86_64-fedora-clang 2.1 110.89 NOTE
r-devel-linux-x86_64-fedora-gcc 2.1 122.08 NOTE
r-devel-windows-x86_64 2.1 8.00 73.00 81.00 OK
r-patched-linux-x86_64 2.1 8.02 61.45 69.47 OK
r-release-linux-x86_64 2.1 7.29 60.97 68.26 OK
r-release-macos-arm64 2.1 40.00 OK
r-release-macos-x86_64 2.1 106.00 OK
r-release-windows-x86_64 2.1 8.00 76.00 84.00 OK
r-oldrel-macos-arm64 2.1 42.00 OK
r-oldrel-macos-x86_64 2.1 71.00 OK
r-oldrel-windows-x86_64 2.1 11.00 90.00 101.00 OK

Check Details

Version: 2.1
Check: dependencies in R code
Result: NOTE Namespaces in Imports field not imported from: ‘Matrix’ ‘RSpectra’ ‘ggplot2’ ‘latex2exp’ ‘mvtnorm’ All declared Imports should be used. Flavors: r-devel-linux-x86_64-fedora-clang, r-devel-linux-x86_64-fedora-gcc