Last updated on 2024-06-04 19:48:01 CEST.
Flavor | Version | Tinstall | Tcheck | Ttotal | Status | Flags |
---|---|---|---|---|---|---|
r-devel-linux-x86_64-debian-clang | 1.5.1 | 22.43 | 313.57 | 336.00 | OK | |
r-devel-linux-x86_64-debian-gcc | 1.5.1 | 18.38 | 229.54 | 247.92 | OK | |
r-devel-linux-x86_64-fedora-clang | 1.5.1 | 427.82 | NOTE | |||
r-devel-linux-x86_64-fedora-gcc | 1.5.1 | 412.08 | OK | |||
r-devel-windows-x86_64 | 1.5.1 | 16.00 | 184.00 | 200.00 | OK | |
r-patched-linux-x86_64 | 1.5.1 | 15.98 | 307.60 | 323.58 | OK | |
r-release-linux-x86_64 | 1.5.1 | 15.91 | 304.37 | 320.28 | OK | |
r-release-macos-arm64 | 1.5.1 | 203.00 | OK | |||
r-release-macos-x86_64 | 1.5.1 | 344.00 | OK | |||
r-release-windows-x86_64 | 1.5.1 | 16.00 | 180.00 | 196.00 | OK | |
r-oldrel-macos-arm64 | 1.5.1 | 109.00 | OK | |||
r-oldrel-macos-x86_64 | 1.5.1 | 308.00 | OK | |||
r-oldrel-windows-x86_64 | 1.5.1 | 20.00 | 234.00 | 254.00 | OK |
Version: 1.5.1
Check: Rd cross-references
Result: NOTE
Undeclared package ‘AER’ in Rd xrefs
Flavor: r-devel-linux-x86_64-fedora-clang